000
CDUS43 KARX 070652
CLILSE


CLIMATE REPORT
NATIONAL WEATHER SERVICE LA CROSSE WI
151 AM CDT THU MAY 7 2015


...................................

...THE LA CROSSE WI CLIMATE SUMMARY FOR MAY 6 2015...

CLIMATE NORMAL PERIOD 1981 TO 2010
CLIMATE RECORD PERIOD 1873 TO 2015


WEATHER ITEM   OBSERVED TIME   RECORD YEAR NORMAL DEPARTURE LAST
                VALUE   (LST)  VALUE       VALUE  FROM      YEAR
                                                  NORMAL
..................................................................
TEMPERATURE (F)
 YESTERDAY
  MAXIMUM         82    307 PM  98    1934  68     14       68
  MINIMUM         56    635 AM  26    1989  46     10       44
  AVERAGE         69                        57     12       56

PRECIPITATION (IN)
  YESTERDAY        0.03          1.56 1960   0.11  -0.08     0.00
  MONTH TO DATE    1.04                      0.69   0.35     0.17
  SINCE MAR 1      6.01                      6.07  -0.06     8.51
  SINCE JAN 1      7.22                      8.24  -1.02    10.87

SNOWFALL (IN)
  YESTERDAY        0.0           0.0  2000   0.0    0.0      0.0
                                      2002
                                      2001
  MONTH TO DATE    0.0                       0.1   -0.1      0.0
  SINCE JUL 1     38.8                      43.4   -4.6     48.9
  SNOW DEPTH       0

DEGREE DAYS
 HEATING
  YESTERDAY        0                         9     -9        9
  MONTH TO DATE   20                        57    -37       77
  SINCE JUL 1   6927                      7009    -82     8017

 COOLING
  YESTERDAY        4                         1      3        0
  MONTH TO DATE   14                         4     10        0
  SINCE JAN 1     15                        11      4        0
..................................................................


WIND (MPH)
  HIGHEST WIND SPEED    25   HIGHEST WIND DIRECTION     S (190)
  HIGHEST GUST SPEED    33   HIGHEST GUST DIRECTION     S (160)
  AVERAGE WIND SPEED     7.6


SKY COVER
  POSSIBLE SUNSHINE  MM
  AVERAGE SKY COVER 0.8


WEATHER CONDITIONS
 THE FOLLOWING WEATHER WAS RECORDED YESTERDAY.
  THUNDERSTORM
  LIGHT RAIN
  FOG
  HAZE


RELATIVE HUMIDITY (PERCENT)
 HIGHEST    93           300 AM
 LOWEST     42           400 PM
 AVERAGE    68

..........................................................


THE LA CROSSE WI CLIMATE NORMALS FOR TODAY
                         NORMAL    RECORD    YEAR
 MAXIMUM TEMPERATURE (F)   68        88      1970
 MINIMUM TEMPERATURE (F)   46        29      1890


SUNRISE AND SUNSET
MAY  7 2015...........SUNRISE   549 AM CDT   SUNSET   815 PM CDT
MAY  8 2015...........SUNRISE   548 AM CDT   SUNSET   816 PM CDT


-  INDICATES NEGATIVE NUMBERS.
R  INDICATES RECORD WAS SET OR TIED.
MM INDICATES DATA IS MISSING.
T  INDICATES TRACE AMOUNT.




$$
