000
CDUS43 KTOP 250634
CLILWC


CLIMATE REPORT
NATIONAL WEATHER SERVICE TOPEKA KS
132 AM CDT SAT APR 25 2015


...................................

...THE LAWRENCE KS CLIMATE SUMMARY FOR APRIL 24 2015...

CLIMATE NORMAL PERIOD 1981 TO 2010
CLIMATE RECORD PERIOD 9999 TO 9999


WEATHER ITEM   OBSERVED NORMAL DEPARTURE LAST
                VALUE   VALUE  FROM      YEAR
                               NORMAL
...............................................
TEMPERATURE (F)
 YESTERDAY
  MAXIMUM         65     70     -5       71
  MINIMUM         54     46      8       41
  AVERAGE         60     58      2       56

PRECIPITATION (IN)
  YESTERDAY        0.04   0.15  -0.11     0.96
  MONTH TO DATE    2.38   2.83  -0.45     2.94
  SINCE MAR 1      3.10   5.45  -2.35     3.91
  SINCE JAN 1      4.79   7.76  -2.97     4.96

DEGREE DAYS
 HEATING
  YESTERDAY        5      8     -3        9
  MONTH TO DATE  200    280    -80      306
  SINCE MAR 1    792    921   -129     1047
  SINCE JUL 1   5081   4936    145     5473

 COOLING
  YESTERDAY        0      1     -1        0
  MONTH TO DATE    5     17    -12        6
  SINCE MAR 1      5     20    -15        6
  SINCE JAN 1      5     20    -15        6
...............................................


WIND (MPH)
  HIGHEST WIND SPEED    23   HIGHEST WIND DIRECTION     S (170)
  HIGHEST GUST SPEED    28   HIGHEST GUST DIRECTION     S (160)
  AVERAGE WIND SPEED    12.5


SKY COVER
  AVERAGE SKY COVER 1.0


WEATHER CONDITIONS
 THE FOLLOWING WEATHER WAS RECORDED YESTERDAY.
  THUNDERSTORM
  LIGHT RAIN


RELATIVE HUMIDITY (PERCENT)
 HIGHEST    84
 LOWEST     51
 AVERAGE    68

..........................................................


THE LAWRENCE KS CLIMATE NORMALS FOR TODAY
                         NORMAL
 MAXIMUM TEMPERATURE (F)   70
 MINIMUM TEMPERATURE (F)   46


SUNRISE AND SUNSET
APRIL 25 2015.........SUNRISE   631 AM CDT   SUNSET   808 PM CDT
APRIL 26 2015.........SUNRISE   629 AM CDT   SUNSET   809 PM CDT


-  INDICATES NEGATIVE NUMBERS.
R  INDICATES RECORD WAS SET OR TIED.
MM INDICATES DATA IS MISSING.
T  INDICATES TRACE AMOUNT.




$$
