000
CDUS46 KHNX 180821
CLIMAE


CLIMATE REPORT
NATIONAL WEATHER SERVICE SAN JOAQUIN VALLEY, CA
120 AM PDT SAT APR 18 2015


...................................

...THE MADERA CA AIRPORT CLIMATE SUMMARY FOR APRIL 17 2015...

CLIMATE NORMAL PERIOD 1981 TO 2010
CLIMATE RECORD PERIOD 1998 TO 2015


WEATHER ITEM   OBSERVED TIME   RECORD YEAR NORMAL DEPARTURE
                VALUE   (LST)  VALUE       VALUE  FROM
                                                  NORMAL
...............................................................
TEMPERATURE (F)
 YESTERDAY
  MAXIMUM         84    520 PM  88    1999  75      9
  MINIMUM         48    531 AM  35    2013  45      3
  AVERAGE         66                        60      6

PRECIPITATION (IN)
  YESTERDAY        0.00          0.93 2000   0.03  -0.03
  MONTH TO DATE    0.34                      0.55  -0.21
  SINCE OCT 1      4.60                     10.66  -6.06
  SINCE JAN 1      0.92                      6.93  -6.01

SNOWFALL (IN)
  YESTERDAY        0.0
  MONTH TO DATE    0.0
  SINCE MAR 1      0.0
  SINCE JUL 1      0.0
  SNOW DEPTH       0

DEGREE DAYS
 HEATING
  YESTERDAY        0
  MONTH TO DATE  109
  SINCE MAR 1    239
  SINCE JUL 1   1689

 COOLING
  YESTERDAY        1
  MONTH TO DATE    4
  SINCE MAR 1     34
  SINCE JAN 1     36
...............................................................


WIND (MPH)
  HIGHEST WIND SPEED    10   HIGHEST WIND DIRECTION     W (290)
  HIGHEST GUST SPEED    15   HIGHEST GUST DIRECTION     W (280)
  AVERAGE WIND SPEED     5.3




RELATIVE HUMIDITY (PERCENT)
 HIGHEST    59
 LOWEST     11
 AVERAGE    35

..........................................................


THE MADERA CA AIRPORT CLIMATE NORMALS FOR TODAY
                         NORMAL    RECORD    YEAR
 MAXIMUM TEMPERATURE (F)   75        88      1999
 MINIMUM TEMPERATURE (F)   45        37      2007


SUNRISE AND SUNSET
APRIL 18 2015.........SUNRISE   622 AM PDT   SUNSET   738 PM PDT
APRIL 19 2015.........SUNRISE   621 AM PDT   SUNSET   739 PM PDT


-  INDICATES NEGATIVE NUMBERS.
R  INDICATES RECORD WAS SET OR TIED.
MM INDICATES DATA IS MISSING.
T  INDICATES TRACE AMOUNT.




$$
