000
CDUS44 KMAF 192135
CLIMAF


CLIMATE REPORT
NATIONAL WEATHER SERVICE MIDLAND/ODESSA TX
435 PM CDT SUN APR 19 2015


...................................

...THE MIDLAND CLIMATE SUMMARY FOR APRIL 19 2015...
VALID TODAY AS OF 0400 PM LOCAL TIME.

CLIMATE NORMAL PERIOD 1981 TO 2010
CLIMATE RECORD PERIOD 1930 TO 2015


WEATHER ITEM   OBSERVED TIME   RECORD YEAR NORMAL DEPARTURE LAST
                VALUE   (LST)  VALUE       VALUE  FROM      YEAR
                                                  NORMAL
..................................................................
TEMPERATURE (F)
 TODAY
  MAXIMUM         76    331 PM  94    2000  80     -4       77
                                      1964
                                      1954
  MINIMUM         48    625 AM  32    2013  50     -2       57
  AVERAGE         62                        65     -3       67

PRECIPITATION (IN)
  TODAY            0.00          0.45 2014   0.01  -0.01     0.45
  MONTH TO DATE    0.85                      0.40   0.45     0.45
  SINCE MAR 1      2.50                      1.00   1.50     0.64
  SINCE JAN 1      5.19                      2.27   2.92     0.90

SNOWFALL (IN)
  TODAY            0.0
  MONTH TO DATE    0.0
  SINCE MAR 1      T
  SINCE JUL 1      3.6
  SNOW DEPTH       0

DEGREE DAYS
 HEATING
  TODAY            3                         3      0        0
  MONTH TO DATE   33                        89    -56       68
  SINCE MAR 1    371                       396    -25      350
  SINCE JUL 1   2521                      2633   -112     2598

 COOLING
  TODAY            0                         3     -3        2
  MONTH TO DATE   78                        42     36       69
  SINCE MAR 1    104                        58     46       92
  SINCE JAN 1    105                        60     45       94
..................................................................


WIND (MPH)
  HIGHEST WIND SPEED    22   HIGHEST WIND DIRECTION     N (340)
  HIGHEST GUST SPEED    32   HIGHEST GUST DIRECTION     N (10)
  AVERAGE WIND SPEED    13.5


SKY COVER
  POSSIBLE SUNSHINE  MM
  AVERAGE SKY COVER 0.0


WEATHER CONDITIONS
 THE FOLLOWING WEATHER WAS RECORDED TODAY.
  NO SIGNIFICANT WEATHER WAS OBSERVED.


RELATIVE HUMIDITY (PERCENT)
 HIGHEST    54           700 AM
 LOWEST     21           200 PM
 AVERAGE    38

..........................................................


THE MIDLAND CLIMATE NORMALS FOR TOMORROW
                         NORMAL    RECORD    YEAR
 MAXIMUM TEMPERATURE (F)   81        93      1999
                                             1997
                                             1964
 MINIMUM TEMPERATURE (F)   51        27      1933


SUNRISE AND SUNSET
APRIL 19 2015.........SUNRISE   716 AM CDT   SUNSET   821 PM CDT
APRIL 20 2015.........SUNRISE   715 AM CDT   SUNSET   821 PM CDT


-  INDICATES NEGATIVE NUMBERS.
R  INDICATES RECORD WAS SET OR TIED.
MM INDICATES DATA IS MISSING.
T  INDICATES TRACE AMOUNT.




$$
