000
CDUS42 KFFC 050822
CLIMCN


CLIMATE REPORT
NATIONAL WEATHER SERVICE PEACHTREE CITY GA
422 AM EDT TUE MAY 5 2015


...................................

...THE MACON CLIMATE SUMMARY FOR MAY 4 2015...

CLIMATE NORMAL PERIOD 1981 TO 2010
CLIMATE RECORD PERIOD 1899 TO 2015


WEATHER ITEM   OBSERVED TIME   RECORD YEAR NORMAL DEPARTURE LAST
                VALUE   (LST)  VALUE       VALUE  FROM      YEAR
                                                  NORMAL
..................................................................
TEMPERATURE (F)
 YESTERDAY
  MAXIMUM         83    334 PM  93    1955  82      1       88
                                      1950
                                      1902
  MINIMUM         51    516 AM  40    1971  55     -4       48
  AVERAGE         67                        68     -1       68

PRECIPITATION (IN)
  YESTERDAY        0.00          2.20 1931   0.08  -0.08     0.00
  MONTH TO DATE    0.00                      0.31  -0.31     0.02
  SINCE MAR 1      8.55                      7.82   0.73    11.41
  SINCE JAN 1     15.35                     16.42  -1.07    19.24

DEGREE DAYS
 HEATING
  YESTERDAY        0                         1     -1        0
  MONTH TO DATE    6                         4      2        7
  SINCE MAR 1    258                       386   -128      482
  SINCE JUL 1   2471                      2311    160     2615

 COOLING
  YESTERDAY        2                         4     -2        3
  MONTH TO DATE    2                        16    -14        3
  SINCE MAR 1    126                        97     29       55
  SINCE JAN 1    126                       100     26       56
..................................................................


WIND (MPH)
  RESULTANT WIND SPEED   2   RESULTANT WIND DIRECTION  SE (130)
  HIGHEST WIND SPEED    16   HIGHEST WIND DIRECTION    NE (60)
  HIGHEST GUST SPEED    MM   HIGHEST GUST DIRECTION    MM
  AVERAGE WIND SPEED     2.6


SKY COVER
  AVERAGE SKY COVER 0.1


WEATHER CONDITIONS
 THE FOLLOWING WEATHER WAS RECORDED YESTERDAY.
  NO SIGNIFICANT WEATHER WAS OBSERVED.


RELATIVE HUMIDITY (PERCENT)
 HIGHEST    93          1200 AM
 LOWEST     36           200 PM
 AVERAGE    65

..........................................................


THE MACON CLIMATE NORMALS FOR TODAY
                         NORMAL    RECORD    YEAR
 MAXIMUM TEMPERATURE (F)   82        95      1950
 MINIMUM TEMPERATURE (F)   56        40      1997


SUNRISE AND SUNSET
MAY  5 2015...........SUNRISE   644 AM EDT   SUNSET   819 PM EDT
MAY  6 2015...........SUNRISE   643 AM EDT   SUNSET   820 PM EDT


-  INDICATES NEGATIVE NUMBERS.
R  INDICATES RECORD WAS SET OR TIED.
MM INDICATES DATA IS MISSING.
T  INDICATES TRACE AMOUNT.




$$
