000
CDUS42 KMLB 062026
CLIMCO


CLIMATE REPORT
NATIONAL WEATHER SERVICE MELBOURNE FL
425 PM EDT WED MAY 6 2015


...................................

...THE ORLANDO  CLIMATE SUMMARY FOR MAY 6 2015...
VALID TODAY AS OF 0400 PM LOCAL TIME.

CLIMATE NORMAL PERIOD 1981 TO 2010
CLIMATE RECORD PERIOD 1892 TO 2015


WEATHER ITEM   OBSERVED TIME   RECORD YEAR NORMAL DEPARTURE LAST
                VALUE   (LST)  VALUE       VALUE  FROM      YEAR
                                                  NORMAL
..................................................................
TEMPERATURE (F)
 TODAY
  MAXIMUM         84    127 PM  98    1922  87     -3       89
  MINIMUM         70    627 AM  49    1945  64      6       61
  AVERAGE         77                        75      2       75

PRECIPITATION (IN)
  TODAY            T             3.10 1929   0.08  -0.08     0.00
  MONTH TO DATE    0.07                      0.42  -0.35     1.09
  SINCE MAR 1      5.03                      6.87  -1.84     9.81
  SINCE JAN 1     13.13                     11.60   1.53    14.85

SNOWFALL (IN)
  TODAY            0.0
  MONTH TO DATE    0.0
  SINCE MAR 1      0.0
  SINCE JUL 1      0.0

DEGREE DAYS
 HEATING
  TODAY            0                         0      0        0
  MONTH TO DATE    0                         0      0        0
  SINCE MAR 1     16                        71    -55       42
  SINCE JUL 1    486                       570    -84      406

 COOLING
  TODAY           12                        10      2       10
  MONTH TO DATE   52                        58     -6       59
  SINCE MAR 1    704                       375    329      431
  SINCE JAN 1    778                       479    299      581
..................................................................


WIND (MPH)
  HIGHEST WIND SPEED    22   HIGHEST WIND DIRECTION    NE (40)
  HIGHEST GUST SPEED    26   HIGHEST GUST DIRECTION    NE (40)
  AVERAGE WIND SPEED     7.6


SKY COVER
  AVERAGE SKY COVER 0.8


WEATHER CONDITIONS
 THE FOLLOWING WEATHER WAS RECORDED TODAY.
  THUNDERSTORM
  LIGHT RAIN


RELATIVE HUMIDITY (PERCENT)
 HIGHEST    90          1200 AM
 LOWEST     55           100 PM
 AVERAGE    73

..........................................................


THE ORLANDO  CLIMATE NORMALS FOR TOMORROW
                         NORMAL    RECORD    YEAR
 MAXIMUM TEMPERATURE (F)   87        98      1915
 MINIMUM TEMPERATURE (F)   64        49      1921


SUNRISE AND SUNSET
MAY  6 2015...........SUNRISE   641 AM EDT   SUNSET   803 PM EDT
MAY  7 2015...........SUNRISE   640 AM EDT   SUNSET   804 PM EDT


-  INDICATES NEGATIVE NUMBERS.
R  INDICATES RECORD WAS SET OR TIED.
MM INDICATES DATA IS MISSING.
T  INDICATES TRACE AMOUNT.




$$
