000
CDUS41 KCTP 070658
CLIMDT


CLIMATE REPORT
NATIONAL WEATHER SERVICE STATE COLLEGE PA
258 AM EDT THU MAY 7 2015


...................................

...THE HARRISBURG PA CLIMATE SUMMARY FOR MAY 6 2015...

CLIMATE NORMAL PERIOD 1981 TO 2010
CLIMATE RECORD PERIOD 1888 TO 2015


WEATHER ITEM   OBSERVED TIME   RECORD YEAR NORMAL DEPARTURE LAST
                VALUE   (LST)  VALUE       VALUE  FROM      YEAR
                                                  NORMAL
..................................................................
TEMPERATURE (F)
 YESTERDAY
  MAXIMUM         75    240 PM  91    1949  70      5       72
  MINIMUM         58    940 PM  36    1891  49      9       48
  AVERAGE         67                        59      8       60

PRECIPITATION (IN)
  YESTERDAY        0.19          1.56 1991   0.12   0.07     0.00
  MONTH TO DATE    0.21                      0.75  -0.54     0.18
  SINCE MAR 1      5.84                      7.22  -1.38     9.97
  SINCE JAN 1      9.43                     12.49  -3.06    16.68

SNOWFALL (IN)
  YESTERDAY        0.0           0.0  2002   0.0    0.0      0.0
                                      2001
  MONTH TO DATE    0.0                       0.0    0.0      0.0
  SINCE MAR 1     11.8                       5.6    6.2      1.4
  SINCE JUL 1     39.2                      30.6    8.6     44.0
  SNOW DEPTH       0

DEGREE DAYS
 HEATING
  YESTERDAY        0                         7     -7        5
  MONTH TO DATE   11                        45    -34       46
  SINCE MAR 1   1250                      1160     90     1321
  SINCE JUL 1   5553                      5148    405     5665

 COOLING
  YESTERDAY        2                         1      1        0
  MONTH TO DATE    9                         6      3        0
  SINCE MAR 1      9                        13     -4        6
  SINCE JAN 1      9                        13     -4        6
..................................................................


WIND (MPH)
  HIGHEST WIND SPEED    15   HIGHEST WIND DIRECTION     N (20)
  HIGHEST GUST SPEED    19   HIGHEST GUST DIRECTION    NE (60)
  AVERAGE WIND SPEED     3.8


SKY COVER
  POSSIBLE SUNSHINE  MM
  AVERAGE SKY COVER 0.8


WEATHER CONDITIONS
 THE FOLLOWING WEATHER WAS RECORDED YESTERDAY.
  THUNDERSTORM
  HEAVY RAIN
  RAIN
  LIGHT RAIN
  FOG
  HAZE


RELATIVE HUMIDITY (PERCENT)
 HIGHEST    93           300 AM
 LOWEST     49           300 PM
 AVERAGE    71

..........................................................


THE HARRISBURG PA CLIMATE NORMALS FOR TODAY
                         NORMAL    RECORD    YEAR
 MAXIMUM TEMPERATURE (F)   70        93      2000
                                             1939
 MINIMUM TEMPERATURE (F)   49        34      1968


SUNRISE AND SUNSET
MAY  7 2015...........SUNRISE   600 AM EDT   SUNSET   808 PM EDT
MAY  8 2015...........SUNRISE   559 AM EDT   SUNSET   809 PM EDT


-  INDICATES NEGATIVE NUMBERS.
R  INDICATES RECORD WAS SET OR TIED.
MM INDICATES DATA IS MISSING.
T  INDICATES TRACE AMOUNT.




$$
