000
CDUS44 KBRO 032127
CLIMFE


CLIMATE REPORT
NATIONAL WEATHER SERVICE BROWNSVILLE TX
427 PM CDT SUN MAY 3 2015


...................................

...THE MCALLEN CLIMATE SUMMARY FOR MAY 3 2015...
VALID TODAY AS OF 0400 PM LOCAL TIME.

CLIMATE NORMAL PERIOD 1981 TO 2010
CLIMATE RECORD PERIOD 1941 TO 2015


WEATHER ITEM   OBSERVED TIME   RECORD YEAR NORMAL DEPARTURE LAST
                VALUE   (LST)  VALUE       VALUE  FROM      YEAR
                                                  NORMAL
..................................................................
TEMPERATURE (F)
 TODAY
  MAXIMUM         87    259 PM 104    1984  89     -2       88
  MINIMUM         71    606 AM  51    2004  70      1       55
  AVERAGE         79                        79      0       72

PRECIPITATION (IN)
  TODAY            T             4.30 1981   0.06  -0.06     0.00
  MONTH TO DATE    T                         0.19  -0.19      T
  SINCE MAR 1      5.98                      2.56   3.42     1.20
  SINCE JAN 1      6.57                      4.72   1.85     2.08

SNOWFALL (IN)
  TODAY            0.0
  MONTH TO DATE    0.0
  SINCE MAR 1      0.0
  SINCE JUL 1      0.0
  SNOW DEPTH       0

DEGREE DAYS
 HEATING
  TODAY            0                         0      0        0
  MONTH TO DATE    0                         0      0        0
  SINCE MAR 1     66                        46     20      107
  SINCE JUL 1    756                       579    177      883

 COOLING
  TODAY           14                        14      0        7
  MONTH TO DATE   35                        42     -7       20
  SINCE MAR 1    631                       614     17      505
  SINCE JAN 1    716                       773    -57      633
..................................................................


WIND (MPH)
  HIGHEST WIND SPEED    22   HIGHEST WIND DIRECTION    SE (140)
  HIGHEST GUST SPEED    27   HIGHEST GUST DIRECTION    SE (150)
  AVERAGE WIND SPEED    11.6



WEATHER CONDITIONS
 THE FOLLOWING WEATHER WAS RECORDED TODAY.
  NO SIGNIFICANT WEATHER WAS OBSERVED.


..........................................................


THE MCALLEN CLIMATE NORMALS FOR TOMORROW
                         NORMAL    RECORD    YEAR
 MAXIMUM TEMPERATURE (F)   89       110      1999
 MINIMUM TEMPERATURE (F)   70        50      1954


SUNRISE AND SUNSET
MAY  3 2015...........SUNRISE   654 AM CDT   SUNSET   806 PM CDT
MAY  4 2015...........SUNRISE   654 AM CDT   SUNSET   806 PM CDT


-  INDICATES NEGATIVE NUMBERS.
R  INDICATES RECORD WAS SET OR TIED.
MM INDICATES DATA IS MISSING.
T  INDICATES TRACE AMOUNT.




$$
