000
CDUS43 KGRR 020512
CLIMKG


CLIMATE REPORT
NATIONAL WEATHER SERVICE GRAND RAPIDS, MI
112 AM EDT THU APR 2 2015


...................................

...THE MUSKEGON MI CLIMATE SUMMARY FOR APRIL 1 2015...

CLIMATE NORMAL PERIOD 1981 TO 2010
CLIMATE RECORD PERIOD 1896 TO 2015


WEATHER ITEM   OBSERVED TIME   RECORD YEAR NORMAL DEPARTURE LAST
                VALUE   (LST)  VALUE       VALUE  FROM      YEAR
                                                  NORMAL
..................................................................
TEMPERATURE (F)
 YESTERDAY
  MAXIMUM         65    352 PM  78    2010  50     15       56
  MINIMUM         26    626 AM   9    1923  32     -6       30
  AVERAGE         46                        41      5       43

PRECIPITATION (IN)
  YESTERDAY        0.00          0.66 1959   0.09  -0.09     0.05
  MONTH TO DATE    0.00                      0.09  -0.09     0.05
  SINCE MAR 1      1.13                      2.34  -1.21     1.72
  SINCE JAN 1      4.42                      6.20  -1.78     6.85

SNOWFALL (IN)
  YESTERDAY        0.0           5.9  1965   0.2   -0.2      0.0
  MONTH TO DATE    0.0                       0.2   -0.2      0.0
  SINCE MAR 1      4.0                       9.2   -5.2      7.5
  SINCE JUL 1     92.1                      91.6    0.5    131.1
  SNOW DEPTH       0

DEGREE DAYS
 HEATING
  YESTERDAY       19                        24     -5       22
  MONTH TO DATE   19                        24     -5       22
  SINCE MAR 1   1026                       954     72     1210
  SINCE JUL 1   6151                      5686    465     6350

 COOLING
  YESTERDAY        0                         0      0        0
  MONTH TO DATE    0                         0      0        0
  SINCE MAR 1      0                         0      0        0
  SINCE JAN 1      0                         0      0        0
..................................................................


WIND (MPH)
  RESULTANT WIND SPEED   6   RESULTANT WIND DIRECTION   S (180)
  HIGHEST WIND SPEED    26   HIGHEST WIND DIRECTION     S (190)
  HIGHEST GUST SPEED    36   HIGHEST GUST DIRECTION     S (190)
  AVERAGE WIND SPEED     7.7


SKY COVER
  AVERAGE SKY COVER 0.4


WEATHER CONDITIONS
 THE FOLLOWING WEATHER WAS RECORDED YESTERDAY.
  NO SIGNIFICANT WEATHER WAS OBSERVED.


RELATIVE HUMIDITY (PERCENT)
 HIGHEST    92           300 AM
 LOWEST     31           400 PM
 AVERAGE    62

..........................................................


THE MUSKEGON MI CLIMATE NORMALS FOR TODAY
                         NORMAL    RECORD    YEAR
 MAXIMUM TEMPERATURE (F)   50        78      2010
 MINIMUM TEMPERATURE (F)   32        16      1926


SUNRISE AND SUNSET
APRIL  2 2015.........SUNRISE   726 AM EDT   SUNSET   812 PM EDT
APRIL  3 2015.........SUNRISE   724 AM EDT   SUNSET   813 PM EDT


-  INDICATES NEGATIVE NUMBERS.
R  INDICATES RECORD WAS SET OR TIED.
MM INDICATES DATA IS MISSING.
T  INDICATES TRACE AMOUNT.




$$
