000
CDUS46 KPQR 061144
CLIMMV


CLIMATE REPORT
NATIONAL WEATHER SERVICE PORTLAND OREGON
443 AM PDT WED MAY 6 2015


...................................

...THE MCMINNVILLE OR CLIMATE SUMMARY FOR MAY 5 2015...

CLIMATE NORMAL PERIOD 1981 TO 2010
CLIMATE RECORD PERIOD 1894 TO 2015


WEATHER ITEM   OBSERVED TIME   RECORD YEAR NORMAL DEPARTURE LAST
                VALUE   (LST)  VALUE       VALUE  FROM      YEAR
                                                  NORMAL
..................................................................
TEMPERATURE (F)
 YESTERDAY
  MAXIMUM         63    328 PM  94    1925  66     -3       63
  MINIMUM         42   1143 PM  30    1978  42      0       47
  AVERAGE         53                        54     -1       55

PRECIPITATION (IN)
  YESTERDAY        0.05          0.92 1940   0.07  -0.02     0.09
  MONTH TO DATE    0.05                      0.34  -0.29     0.54
  SINCE OCT 1     30.93                     33.85  -2.92    24.53
  SINCE JAN 1     14.69                     17.82  -3.13    19.57

DEGREE DAYS
 HEATING
  YESTERDAY       12                        12      0       10
  MONTH TO DATE   48                        60    -12       37
  SINCE JUL 1   3394                      4458  -1064     4356

 COOLING
  YESTERDAY        0                         0      0        0
  MONTH TO DATE    0                         0      0        6
  SINCE JAN 1      0                         0      0       10
..................................................................


WIND (MPH)
  HIGHEST WIND SPEED    20   HIGHEST WIND DIRECTION     W (260)
  HIGHEST GUST SPEED    26   HIGHEST GUST DIRECTION     W (260)
  AVERAGE WIND SPEED     8.1


SKY COVER
  POSSIBLE SUNSHINE  MM
  AVERAGE SKY COVER 0.6


WEATHER CONDITIONS
 THE FOLLOWING WEATHER WAS RECORDED YESTERDAY.
  LIGHT RAIN
  FOG


RELATIVE HUMIDITY (PERCENT)
 HIGHEST    89          1100 PM
 LOWEST     42           500 PM
 AVERAGE    66

..........................................................


THE MCMINNVILLE OR CLIMATE NORMALS FOR TODAY
                         NORMAL    RECORD    YEAR
 MAXIMUM TEMPERATURE (F)   66        91      1987
 MINIMUM TEMPERATURE (F)   42        26      1965


SUNRISE AND SUNSET
MAY  6 2015...........SUNRISE   454 AM PST   SUNSET   725 PM PST
MAY  7 2015...........SUNRISE   453 AM PST   SUNSET   726 PM PST


-  INDICATES NEGATIVE NUMBERS.
R  INDICATES RECORD WAS SET OR TIED.
MM INDICATES DATA IS MISSING.
T  INDICATES TRACE AMOUNT.




$$
