000
CDUS41 KLWX 180529
CLIMRB


CLIMATE REPORT
NATIONAL WEATHER SERVICE BALTIMORE MD/WASHINGTON DC
128 AM EDT SAT APR 18 2015


...................................

...THE MARTINSBURG WV CLIMATE SUMMARY FOR APRIL 17 2015...

CLIMATE NORMAL PERIOD 1981 TO 2010
CLIMATE RECORD PERIOD 1926 TO 2015


WEATHER ITEM   OBSERVED TIME   RECORD YEAR NORMAL DEPARTURE LAST
                VALUE   (LST)  VALUE       VALUE  FROM      YEAR
                                                  NORMAL
..................................................................
TEMPERATURE (F)
 YESTERDAY
  MAXIMUM         78    215 PM  93    2002  65     13       58
  MINIMUM         50    606 AM  25    1962  41      9       29
  AVERAGE         64                        53     11       44

PRECIPITATION (IN)
  YESTERDAY        0.02          1.45 1933   0.10  -0.08     0.00
  MONTH TO DATE    0.88                      1.88  -1.00     1.23
  SINCE MAR 1      3.18                      5.40  -2.22     3.35
  SINCE JAN 1      5.47                     10.18  -4.71     7.10

DEGREE DAYS
 HEATING
  YESTERDAY        1                        12    -11       21
  MONTH TO DATE  152                       251    -99      211
  SINCE MAR 1    894                       965    -71     1046
  SINCE JUL 1   4817                      4921   -104     5139

 COOLING
  YESTERDAY        0                         0      0        0
  MONTH TO DATE    1                         0      1        7
  SINCE MAR 1      1                         1      0        7
  SINCE JAN 1      1                         1      0        7
..................................................................


WIND (MPH)
  HIGHEST WIND SPEED    16   HIGHEST WIND DIRECTION    NW (310)
  HIGHEST GUST SPEED    23   HIGHEST GUST DIRECTION     W (280)
  AVERAGE WIND SPEED     3.9


SKY COVER
  POSSIBLE SUNSHINE  MM
  AVERAGE SKY COVER 0.5


WEATHER CONDITIONS
 THE FOLLOWING WEATHER WAS RECORDED YESTERDAY.
  LIGHT RAIN
  FOG


RELATIVE HUMIDITY (PERCENT)
 HIGHEST   100           200 AM
 LOWEST     46           500 PM
 AVERAGE    73

..........................................................


THE MARTINSBURG WV CLIMATE NORMALS FOR TODAY
                         NORMAL    RECORD    YEAR
 MAXIMUM TEMPERATURE (F)   65        92      1976
 MINIMUM TEMPERATURE (F)   42        23      1928


SUNRISE AND SUNSET
APRIL 18 2015.........SUNRISE   631 AM EDT   SUNSET   752 PM EDT
APRIL 19 2015.........SUNRISE   629 AM EDT   SUNSET   753 PM EDT


-  INDICATES NEGATIVE NUMBERS.
R  INDICATES RECORD WAS SET OR TIED.
MM INDICATES DATA IS MISSING.
T  INDICATES TRACE AMOUNT.




$$
