000
CDUS45 KMSO 260739
CLIMSO


CLIMATE REPORT
NATIONAL WEATHER SERVICE MISSOULA, MT
139 AM MDT SUN APR 26 2015


...................................

...THE MISSOULA MT CLIMATE SUMMARY FOR APRIL 25 2015...

CLIMATE NORMAL PERIOD 1981 TO 2010
CLIMATE RECORD PERIOD 1893 TO 2015


WEATHER ITEM   OBSERVED TIME   RECORD YEAR NORMAL DEPARTURE LAST
                VALUE   (LST)  VALUE       VALUE  FROM      YEAR
                                                  NORMAL
..................................................................
TEMPERATURE (F)
 YESTERDAY
  MAXIMUM         56    414 PM  90    1910  61     -5       61
  MINIMUM         28    612 AM  24    1988  34     -6       31
  AVERAGE         42                        48     -6       46

PRECIPITATION (IN)
  YESTERDAY        0.00          0.72 1901   0.04  -0.04     0.07
  MONTH TO DATE    0.27                      1.02  -0.75     0.53
  SINCE OCT 1      8.28                      6.50   1.78     7.35
  SINCE JAN 1      2.97                      3.57  -0.60     5.64

SNOWFALL (IN)
  YESTERDAY        0.0
  MONTH TO DATE    0.6
  SINCE JAN 1     13.3
  SINCE JUL 1     33.9
  SNOW DEPTH       0

DEGREE DAYS
 HEATING
  YESTERDAY       23                        17      6       19
  MONTH TO DATE  540                       498     42      509
  SINCE MAR 1   1260                      1312    -52     1377
  SINCE JUL 1   6252                      6681   -429     6887

 COOLING
  YESTERDAY        0                         0      0        0
  MONTH TO DATE    0                         0      0        0
  SINCE MAR 1      0                         0      0        0
  SINCE JAN 1      0                         0      0        0
..................................................................


WIND (MPH)
  HIGHEST WIND SPEED    20   HIGHEST WIND DIRECTION    NW (310)
  HIGHEST GUST SPEED    26   HIGHEST GUST DIRECTION    NW (320)
  AVERAGE WIND SPEED     6.4


SKY COVER
  POSSIBLE SUNSHINE  MM
  AVERAGE SKY COVER 0.3


WEATHER CONDITIONS
 THE FOLLOWING WEATHER WAS RECORDED YESTERDAY.
  NO SIGNIFICANT WEATHER WAS OBSERVED.


RELATIVE HUMIDITY (PERCENT)
 HIGHEST    78           500 AM
 LOWEST     26           400 PM
 AVERAGE    52

..........................................................


THE MISSOULA MT CLIMATE NORMALS FOR TODAY
                         NORMAL    RECORD    YEAR
 MAXIMUM TEMPERATURE (F)   61        84      1916
 MINIMUM TEMPERATURE (F)   34        23      1962
                                             1907


SUNRISE AND SUNSET
APRIL 26 2015.........SUNRISE   629 AM MDT   SUNSET   840 PM MDT
APRIL 27 2015.........SUNRISE   628 AM MDT   SUNSET   841 PM MDT


-  INDICATES NEGATIVE NUMBERS.
R  INDICATES RECORD WAS SET OR TIED.
MM INDICATES DATA IS MISSING.
T  INDICATES TRACE AMOUNT.




$$
