000
CDUS45 KBOI 200931
CLIMYL


CLIMATE REPORT
NATIONAL WEATHER SERVICE BOISE ID
331 AM MDT MON APR 20 2015


...................................

...THE MCCALL ID CLIMATE SUMMARY FOR APRIL 19 2015...

CLIMATE NORMAL PERIOD 1981 TO 2010
CLIMATE RECORD PERIOD 1930 TO 2015


WEATHER ITEM   OBSERVED TIME   RECORD YEAR NORMAL DEPARTURE LAST
                VALUE   (LST)  VALUE       VALUE  FROM      YEAR
                                                  NORMAL
..................................................................
TEMPERATURE (F)
 YESTERDAY
  MAXIMUM         62    415 PM  79    1994  50     12       61
  MINIMUM         30    648 AM  12    1982  26      4       23
  AVERAGE         46                        38      8       42

PRECIPITATION (IN)
  YESTERDAY        0.00          0.58 2013   0.06  -0.06     0.00
  MONTH TO DATE    0.58                      1.24  -0.66     0.50
  SINCE OCT 1     15.32                     13.09   2.23    15.52
  SINCE JAN 1      6.56                      6.91  -0.35    11.45

DEGREE DAYS
 HEATING
  YESTERDAY       19                        27     -8       23
  MONTH TO DATE  515                       567    -52      494
  SINCE MAR 1   1333                      1681   -348     1506
  SINCE JUL 1   6704                      8356  -1652     7500

 COOLING
  YESTERDAY        0                         0      0        0
  MONTH TO DATE    0                         0      0        0
  SINCE MAR 1      0                         0      0        0
  SINCE JAN 1      0                         0      0        0
..................................................................


WIND (MPH)
  HIGHEST WIND SPEED    16   HIGHEST WIND DIRECTION     N (350)
  HIGHEST GUST SPEED    22   HIGHEST GUST DIRECTION     N (350)
  AVERAGE WIND SPEED     5.8


SKY COVER
  AVERAGE SKY COVER 0.0


WEATHER CONDITIONS
 THE FOLLOWING WEATHER WAS RECORDED YESTERDAY.
  NO SIGNIFICANT WEATHER WAS OBSERVED.


RELATIVE HUMIDITY (PERCENT)
 HIGHEST    72           500 AM
 LOWEST     20           500 PM
 AVERAGE    46

..........................................................


THE MCCALL ID CLIMATE NORMALS FOR TODAY
                         NORMAL    RECORD    YEAR
 MAXIMUM TEMPERATURE (F)   50        76      1994
 MINIMUM TEMPERATURE (F)   26         8      2008


SUNRISE AND SUNSET
APRIL 20 2015.........SUNRISE   652 AM MDT   SUNSET   836 PM MDT
APRIL 21 2015.........SUNRISE   650 AM MDT   SUNSET   837 PM MDT


-  INDICATES NEGATIVE NUMBERS.
R  INDICATES RECORD WAS SET OR TIED.
MM INDICATES DATA IS MISSING.
T  INDICATES TRACE AMOUNT.




$$
