000
CDUS45 KBOI 010933
CLIMYL


CLIMATE REPORT
NATIONAL WEATHER SERVICE BOISE ID
332 AM MDT WED APR 1 2015


...................................

...THE MCCALL ID CLIMATE SUMMARY FOR MARCH 31 2015...

CLIMATE NORMAL PERIOD 1981 TO 2010
CLIMATE RECORD PERIOD 1930 TO 2015


WEATHER ITEM   OBSERVED TIME   RECORD YEAR NORMAL DEPARTURE LAST
                VALUE   (LST)  VALUE       VALUE  FROM      YEAR
                                                  NORMAL
..................................................................
TEMPERATURE (F)
 YESTERDAY
  MAXIMUM         56   1224 PM  63    2013  43     13       38
                                      1992
  MINIMUM         30   1159 PM   2    1954  22      8       21
  AVERAGE         43                        33     10       30

PRECIPITATION (IN)
  YESTERDAY        0.01          0.76 1982   0.09  -0.08     0.07
  MONTH TO DATE    1.79                      2.20  -0.41     6.14
  SINCE OCT 1     14.74                     11.85   2.89    15.02
  SINCE JAN 1      5.98                      5.67   0.31    10.95

DEGREE DAYS
 HEATING
  YESTERDAY       22                        32    -10       35
  MONTH TO DATE  818                      1115   -297     1012
  SINCE MAR 1    818                      1114   -296     1012
  SINCE JUL 1   6189                      7789  -1600     7006

 COOLING
  YESTERDAY        0                         0      0        0
  MONTH TO DATE    0                         0      0        0
  SINCE MAR 1      0                         0      0        0
  SINCE JAN 1      0                         0      0        0
..................................................................


WIND (MPH)
  HIGHEST WIND SPEED    21   HIGHEST WIND DIRECTION     W (280)
  HIGHEST GUST SPEED    30   HIGHEST GUST DIRECTION    SW (240)
  AVERAGE WIND SPEED     7.5


SKY COVER
  AVERAGE SKY COVER 0.5


WEATHER CONDITIONS
 THE FOLLOWING WEATHER WAS RECORDED YESTERDAY.
  LIGHT RAIN
  LIGHT SNOW
  FOG


RELATIVE HUMIDITY (PERCENT)
 HIGHEST    79           600 AM
 LOWEST     38           100 PM
 AVERAGE    59

..........................................................


THE MCCALL ID CLIMATE NORMALS FOR TODAY
                         NORMAL    RECORD    YEAR
 MAXIMUM TEMPERATURE (F)   44        68      1992
 MINIMUM TEMPERATURE (F)   22       -17      1936


SUNRISE AND SUNSET
APRIL  1 2015.........SUNRISE   725 AM MDT   SUNSET   812 PM MDT
APRIL  2 2015.........SUNRISE   724 AM MDT   SUNSET   813 PM MDT


-  INDICATES NEGATIVE NUMBERS.
R  INDICATES RECORD WAS SET OR TIED.
MM INDICATES DATA IS MISSING.
T  INDICATES TRACE AMOUNT.




$$
