000
CDUS41 KOKX 260635
CLINYC


CLIMATE REPORT
NATIONAL WEATHER SERVICE NEW YORK NY
234 AM EDT SUN APR 26 2015


...................................

...THE CENTRAL PARK NY CLIMATE SUMMARY FOR APRIL 25 2015...

CLIMATE NORMAL PERIOD 1981 TO 2010
CLIMATE RECORD PERIOD 1869 TO 2015


WEATHER ITEM   OBSERVED TIME   RECORD YEAR NORMAL DEPARTURE LAST
                VALUE   (LST)  VALUE       VALUE  FROM      YEAR
                                                  NORMAL
..................................................................
TEMPERATURE (F)
 YESTERDAY
  MAXIMUM         62    337 PM  91    1915  65     -3       63
  MINIMUM         38    606 AM  29    1919  48    -10       44
  AVERAGE         50                        56     -6       54

PRECIPITATION (IN)
  YESTERDAY        0.00          1.68 1945   0.14  -0.14     0.02
  MONTH TO DATE    2.08                      3.80  -1.72     1.93
  SINCE MAR 1      6.80                      8.16  -1.36     5.60
  SINCE JAN 1     14.07                     14.90  -0.83    13.87

SNOWFALL (IN)
  YESTERDAY        0.0           3.0  1875   0.0    0.0      0.0
  MONTH TO DATE    0.0                       0.6   -0.6       T
  SINCE OCT 1     50.3                      25.8   24.5     57.4
  SINCE JUL 1     50.3                      25.8   24.5     57.4
  SNOW DEPTH       0

DEGREE DAYS
 HEATING
  YESTERDAY       15                         9      6       11
  MONTH TO DATE  288                       328    -40      313
  SINCE MAR 1   1114                      1028     86     1155
  SINCE JUL 1   4873                      4550    323     4825

 COOLING
  YESTERDAY        0                         1     -1        0
  MONTH TO DATE    5                         4      1        4
  SINCE MAR 1      5                         5      0        4
  SINCE JAN 1      5                         5      0        4
..................................................................


WIND (MPH)
  HIGHEST WIND SPEED    14   HIGHEST WIND DIRECTION    NE (50)
  HIGHEST GUST SPEED    22   HIGHEST GUST DIRECTION     W (280)
  AVERAGE WIND SPEED     5.6


SKY COVER
  AVERAGE SKY COVER 0.0


WEATHER CONDITIONS
 THE FOLLOWING WEATHER WAS RECORDED YESTERDAY.
  NO SIGNIFICANT WEATHER WAS OBSERVED.


RELATIVE HUMIDITY (PERCENT)
 HIGHEST    52           400 AM
 LOWEST     20           400 PM
 AVERAGE    36

..........................................................


THE CENTRAL PARK NY CLIMATE NORMALS FOR TODAY
                         NORMAL    RECORD    YEAR
 MAXIMUM TEMPERATURE (F)   65        92      2009
 MINIMUM TEMPERATURE (F)   48        31      1919


SUNRISE AND SUNSET
APRIL 26 2015.........SUNRISE   601 AM EDT   SUNSET   747 PM EDT
APRIL 27 2015.........SUNRISE   600 AM EDT   SUNSET   748 PM EDT


-  INDICATES NEGATIVE NUMBERS.
R  INDICATES RECORD WAS SET OR TIED.
MM INDICATES DATA IS MISSING.
T  INDICATES TRACE AMOUNT.




$$
