000
CDUS43 KGID 052227
CLIODX


CLIMATE REPORT
NATIONAL WEATHER SERVICE HASTINGS NE
526 PM CDT TUE MAY 5 2015


...................................

...THE ORD NE CLIMATE SUMMARY FOR MAY 5 2015...
VALID TODAY AS OF 0500 PM LOCAL TIME.

CLIMATE NORMAL PERIOD 1981 TO 2010
CLIMATE RECORD PERIOD 1895 TO 2015


WEATHER ITEM   OBSERVED TIME   NORMAL DEPARTURE LAST
                VALUE   (LST)  VALUE  FROM      YEAR
                                      NORMAL
......................................................
TEMPERATURE (F)
 TODAY
  MAXIMUM         73    359 PM  68      5       72
  MINIMUM         54    745 AM  43     11       38
  AVERAGE         64            55      9       55

PRECIPITATION (IN)
  TODAY            0.01          0.10  -0.09     0.00
  MONTH TO DATE    0.01          0.58  -0.57     0.00
  SINCE MAR 1      2.75          4.62  -1.87     1.46
  SINCE JAN 1      3.49          5.43  -1.94     1.71

DEGREE DAYS
 HEATING
  TODAY            1            10     -9       10
  MONTH TO DATE    8            53    -45       65
  SINCE MAR 1   1157          1389   -232     1511
  SINCE JUL 1   6289          6406   -117     6664

 COOLING
  TODAY            0             1     -1        0
  MONTH TO DATE    2             1      1        0
  SINCE MAR 1      6             3      3        1
  SINCE JAN 1      6             3      3        1
......................................................


WIND (MPH)
  HIGHEST WIND SPEED    25   HIGHEST WIND DIRECTION    SE (140)
  HIGHEST GUST SPEED    31   HIGHEST GUST DIRECTION    SE (150)
  AVERAGE WIND SPEED     8.4


SKY COVER
  AVERAGE SKY COVER 0.9


WEATHER CONDITIONS
 THE FOLLOWING WEATHER WAS RECORDED TODAY.
  LIGHT RAIN
  FOG


RELATIVE HUMIDITY (PERCENT)
 HIGHEST   100           200 AM
 LOWEST     46           400 PM
 AVERAGE    73

..........................................................


THE ORD NE CLIMATE NORMALS FOR TOMORROW
                         NORMAL
 MAXIMUM TEMPERATURE (F)   68
 MINIMUM TEMPERATURE (F)   43


SUNRISE AND SUNSET
MAY  5 2015...........SUNRISE   628 AM CDT   SUNSET   838 PM CDT
MAY  6 2015...........SUNRISE   627 AM CDT   SUNSET   839 PM CDT


-  INDICATES NEGATIVE NUMBERS.
R  INDICATES RECORD WAS SET OR TIED.
MM INDICATES DATA IS MISSING.
T  INDICATES TRACE AMOUNT.




$$
