000
CDUS42 KCAE 050544
CLIOGB


CLIMATE REPORT
NATIONAL WEATHER SERVICE COLUMBIA SC
143 AM EDT TUE MAY 5 2015


...................................

...THE ORANGEBURG AIRPORT SC CLIMATE SUMMARY FOR MAY 4 2015...

CLIMATE NORMAL PERIOD 1981 TO 2010
CLIMATE RECORD PERIOD 9999 TO 9999


WEATHER ITEM   OBSERVED TIME   NORMAL DEPARTURE LAST
                VALUE   (LST)  VALUE  FROM      YEAR
                                      NORMAL
......................................................
TEMPERATURE (F)
 YESTERDAY
  MAXIMUM         82    149 PM  81      1       87
  MINIMUM         54    356 AM  55     -1       53
  AVERAGE         68            68      0       70

PRECIPITATION (IN)
  YESTERDAY        0.00          0.09  -0.09     0.00
  MONTH TO DATE    0.00          0.31  -0.31     0.13
  SINCE MAR 1      6.09          7.14  -1.05     6.73
  SINCE JAN 1     12.94         14.71  -1.77    12.65

DEGREE DAYS
 HEATING
  YESTERDAY        0             1     -1        0
  MONTH TO DATE    7             4      3        2
  SINCE MAR 1    252           389   -137      466
  SINCE JUL 1   2326          2321      5     2330

 COOLING
  YESTERDAY        3             4     -1        5
  MONTH TO DATE    4            16    -12       10
  SINCE MAR 1    126            98     28       93
  SINCE JAN 1    126           101     25       99
......................................................


WIND (MPH)
  HIGHEST WIND SPEED    15   HIGHEST WIND DIRECTION    SE (140)
  HIGHEST GUST SPEED    21   HIGHEST GUST DIRECTION     S (180)
  AVERAGE WIND SPEED     3.7


SKY COVER
  AVERAGE SKY COVER 0.3


WEATHER CONDITIONS
 THE FOLLOWING WEATHER WAS RECORDED YESTERDAY.
  FOG


RELATIVE HUMIDITY (PERCENT)
 HIGHEST    93           300 AM
 LOWEST     35           400 PM

..........................................................


THE ORANGEBURG AIRPORT SC CLIMATE NORMALS FOR TODAY
                         NORMAL    RECORD    YEAR
 MAXIMUM TEMPERATURE (F)   81        MM        MM
 MINIMUM TEMPERATURE (F)   56        MM        MM


SUNRISE AND SUNSET
MAY  5 2015...........SUNRISE   632 AM EDT   SUNSET   809 PM EDT
MAY  6 2015...........SUNRISE   631 AM EDT   SUNSET   810 PM EDT


-  INDICATES NEGATIVE NUMBERS.
R  INDICATES RECORD WAS SET OR TIED.
MM INDICATES DATA IS MISSING.
T  INDICATES TRACE AMOUNT.




$$
