000
CDUS44 KOUN 070656
CLIOKC

CLIMATE REPORT
NATIONAL WEATHER SERVICE NORMAN OK
156 AM CDT THU MAY 7 2015


...................................

...THE OKLAHOMA CITY CLIMATE SUMMARY FOR MAY 6 2015...

CLIMATE NORMAL PERIOD 1981 TO 2010
CLIMATE RECORD PERIOD 1890 TO 2015


WEATHER ITEM   OBSERVED TIME   RECORD YEAR NORMAL DEPARTURE LAST
                VALUE   (LST)  VALUE       VALUE  FROM      YEAR
                                                  NORMAL
..................................................................
TEMPERATURE (F)
 YESTERDAY
  MAXIMUM         76    155 PM  92    2014  78     -2       92
                                      1918
  MINIMUM         59    139 AM  37    1944  57      2       65
  AVERAGE         68                        67      1       79

PRECIPITATION (IN)
  YESTERDAY        7.10R         2.61 1930   0.14   6.96     0.00
  MONTH TO DATE    9.09                      0.85   8.24     0.00
  SINCE JAN 1     18.27                      9.95   8.32     2.69

DEGREE DAYS
 COOLING
  YESTERDAY        3                         4     -1       14
  MONTH TO DATE   23                        21      2       44
  SINCE JAN 1     85                        87     -2      110
..................................................................


WIND (MPH)
  HIGHEST WIND SPEED    46   HIGHEST WIND DIRECTION     E (100)
  HIGHEST GUST SPEED    60   HIGHEST GUST DIRECTION    SE (120)
  AVERAGE WIND SPEED    18.4


SKY COVER
  AVERAGE SKY COVER 1.0


WEATHER CONDITIONS
 THE FOLLOWING WEATHER WAS RECORDED YESTERDAY.
  THUNDERSTORM
  HEAVY RAIN
  RAIN
  LIGHT RAIN
  HAIL
  FOG
  FOG W/VISIBILITY <= 1/4 MILE


RELATIVE HUMIDITY (PERCENT)
 HIGHEST    93           600 AM
 LOWEST     73          1100 AM
 AVERAGE    83

..........................................................


THE OKLAHOMA CITY CLIMATE NORMALS FOR TODAY
                         NORMAL    RECORD    YEAR
 MAXIMUM TEMPERATURE (F)   78        93      2011
                                             1955
 MINIMUM TEMPERATURE (F)   57        39      1917


SUNRISE AND SUNSET
MAY  7 2015...........SUNRISE   633 AM CDT   SUNSET   821 PM CDT
MAY  8 2015...........SUNRISE   632 AM CDT   SUNSET   822 PM CDT


-  INDICATES NEGATIVE NUMBERS.
R  INDICATES RECORD WAS SET OR TIED.
MM INDICATES DATA IS MISSING.
T  INDICATES TRACE AMOUNT.




$$
