000
CDUS45 KGGW 270741
CLIOLF


CLIMATE REPORT
NATIONAL WEATHER SERVICE GLASGOW MT
140 AM MDT MON APR 27 2015


...................................

...THE WOLF POINT MT CLIMATE SUMMARY FOR APRIL 26 2015...

CLIMATE NORMAL PERIOD 1981 TO 2010
CLIMATE RECORD PERIOD 9999 TO 9999


WEATHER ITEM   OBSERVED RECORD YEAR NORMAL DEPARTURE
                VALUE   VALUE       VALUE  FROM
                                           NORMAL
........................................................
TEMPERATURE (F)
 YESTERDAY
  MAXIMUM         50     MM      MM  64
  MINIMUM         37     MM      MM  32
  AVERAGE         44

PRECIPITATION (IN)
  YESTERDAY        0.04  MM      MM   0.04   0.00
  MONTH TO DATE    0.53               0.74  -0.21
  SINCE OCT 1      2.07               3.22  -1.15
  SINCE JAN 1      1.50               1.72  -0.22

SNOWFALL (IN)
  YESTERDAY       MM     MM      MM  MM
  MONTH TO DATE    0.0               MM
  SINCE MAR 1      0.0               MM
  SINCE JUL 1      0.0               MM

DEGREE DAYS
 HEATING
  YESTERDAY       21

 COOLING
  YESTERDAY        0
........................................................







THE WOLF POINT MT CLIMATE NORMALS FOR TODAY
                         NORMAL    RECORD    YEAR
 MAXIMUM TEMPERATURE (F)   64        MM        MM
 MINIMUM TEMPERATURE (F)   32        MM        MM


SUNRISE AND SUNSET
APRIL 27 2015.........SUNRISE   551 AM MDT   SUNSET   810 PM MDT
APRIL 28 2015.........SUNRISE   549 AM MDT   SUNSET   811 PM MDT


-  INDICATES NEGATIVE NUMBERS.
R  INDICATES RECORD WAS SET OR TIED.
MM INDICATES DATA IS MISSING.
T  INDICATES TRACE AMOUNT.




$$
