000
CDAK49 PAOM 190901
CLIOME

CLIMATE REPORT
NATIONAL WEATHER SERVICE NOME, AK
101 AM AKDT SUN APR 19 2015

...................................
...THE NOME WSO AP CLIMATE SUMMARY FOR APRIL 18 2015...

CLIMATE NORMAL PERIOD  1981 TO  2010
CLIMATE RECORD PERIOD  1906 TO  2015

WEATHER ITEM   OBSERVED TIME    RECORD YEAR NORMAL DEPARTURE LAST
               VALUE    (LST)   VALUE       VALUE  FROM      YEAR
                                                   NORMAL
...................................................................
TEMPERATURE
YESTERDAY
 MAXIMUM            38  1159 PM    43  2014     29       9     43
 MINIMUM             8  0212 AM   -22  1924     15      -7     29
 AVERAGE            23                          22       1     36

PRECIPITATION
(INCHES)
 YESTERDAY        0.03           0.18  1912   0.03    0.00      T
 MONTH TO DATE    0.35                        0.43   -0.08   0.25
 SINCE MAR 1      1.05                        1.08   -0.03   0.78
 SINCE JAN 1      2.69                        2.95   -0.26   2.95

SNOWFALL
(INCHES)
 YESTERDAY         0.3            2.2  1955    0.3     0.0    0.0
 MONTH TO DATE     4.3                         5.0    -0.7    2.5
 SINCE MAR 1      13.1                        13.9    -0.8   14.8
 SINCE JUL 1      56.4                        70.6   -14.2   69.1
 SNOW DEPTH (IN)     9                                          4

DEGREE DAYS
 HEATING
  YESTERDAY         42                          43      -1     29
  MONTH TO DATE    899                         863      36    781
  SINCE MAR 1     2706                        2559     147   2408
  SINCE JUL 1    10870                       11841    -971  10562

 COOLING
  YESTERDAY          0                           0       0      0
  MONTH TO DATE      0                           0       0      0
  SINCE MAR 1        0                           0       0      0
  SINCE JAN 1        0                           0       0      0
...................................................................

WIND (MPH)
 HIGHEST WIND SPEED    28     HIGHEST WIND DIRECTION     30
 HIGHEST GUST SPEED    33     HIGHEST GUST DIRECTION     40
 AVERAGE WIND SPEED  17.6

SKY COVER
  POSSIBLE SUNSHINE    MM          AVERAGE SKY COVER     MM

WEATHER CONDITIONS
 THE FOLLOWING WEATHER WAS RECORDED YESTERDAY.
  FOG
  RAIN
  SNOW


RELATIVE HUMIDITY
 HIGHEST RH     MM PERCENT       MM
 LOWEST  RH     MM PERCENT       MM
 AVERAGE RH     MM PERCENT       MM
...................................................................

THE NOME CLIMATE NORMALS FOR TODAY
                           NORMAL    RECORD   YEAR
 MAXIMUM TEMPERATURE (F)     29        48     1953
 MINIMUM TEMPERATURE (F)     16       -18     1918

SUNRISE AND SUNSET
 APR 19 2015..........SUNRISE  7:14 AM      SUNSET 10:51 PM
 APR 20 2015..........SUNRISE  7:11 AM      SUNSET 10:54 PM

-  INDICATES NEGATIVE NUMBERS.
R  INDICATES RECORD HAS BEEN SET OR TIED.
MM INDICATES DATA IS MISSING.
T  INDICATES TRACE OF PRECIPITATION.

&&
-------------------------------------------------------------------

AMOUNT OF DAYLIGHT TODAY  (HOUR:MIN)........15 HOURS 37 MINUTES
GAIN/LOSS SINCE YESTERDAY (HOUR:MIN:SEC)....+0:06:46

TIDES FOR SUNDAY APRIL 19 2015

 6:05 AM HIGH 1.4 FT
11:37 AM LOW  0.4 FT
 5:44 PM HIGH 1.5 FT

$$
RCT APR 15
