000
CDUS46 KOTX 180832
CLIOMK


CLIMATE REPORT
NATIONAL WEATHER SERVICE SPOKANE, WA
131 AM PDT SAT APR 18 2015


...................................

...THE OMAK WA AIRPORT CLIMATE SUMMARY FOR APRIL 17 2015...

CLIMATE NORMAL PERIOD 1981 TO 2010
CLIMATE RECORD PERIOD 9999 TO 9999


WEATHER ITEM   OBSERVED TIME   RECORD YEAR NORMAL DEPARTURE LAST
                VALUE   (LST)  VALUE       VALUE  FROM      YEAR
                                                  NORMAL
..................................................................
TEMPERATURE (F)
 YESTERDAY
  MAXIMUM         76    413 PM  88    1936  64     12       60
  MINIMUM         33    543 AM  21    1964  37     -4       49
  AVERAGE         55                        50      5       55

PRECIPITATION (IN)
  YESTERDAY        0.00          0.35 1979   0.03  -0.03     0.02
  MONTH TO DATE    0.07                      0.58  -0.51     0.02
  SINCE OCT 1      9.29                     10.19  -0.90     4.17
  SINCE JAN 1      2.72                      4.74  -2.02     3.00

SNOWFALL (IN)
  YESTERDAY       MM

DEGREE DAYS
 HEATING
  YESTERDAY       10                        15     -5       10
  MONTH TO DATE  327                       278     49      255
  SINCE MAR 1    875                      1007   -132     1005
  SINCE JUL 1   5061                      5868   -807     5995

 COOLING
  YESTERDAY        0                         0      0        0
  MONTH TO DATE    0                         0      0        0
  SINCE MAR 1      0                         0      0        0
  SINCE JAN 1      0                         0      0        0
..................................................................


WIND (MPH)
  HIGHEST WIND SPEED    18   HIGHEST WIND DIRECTION     W (290)
  HIGHEST GUST SPEED    24   HIGHEST GUST DIRECTION    NW (300)
  AVERAGE WIND SPEED     8.1


SKY COVER
  POSSIBLE SUNSHINE  MM
  AVERAGE SKY COVER 0.0


WEATHER CONDITIONS
 THE FOLLOWING WEATHER WAS RECORDED YESTERDAY.
  FOG
  HAZE


RELATIVE HUMIDITY (PERCENT)
 HIGHEST    82           500 AM
 LOWEST     15           600 PM
 AVERAGE    49

..........................................................


THE OMAK WA AIRPORT CLIMATE NORMALS FOR TODAY
                         NORMAL    RECORD    YEAR
 MAXIMUM TEMPERATURE (F)   64        87      1936
 MINIMUM TEMPERATURE (F)   37        22      1972


SUNRISE AND SUNSET
APRIL 18 2015.........SUNRISE   602 AM PDT   SUNSET   753 PM PDT
APRIL 19 2015.........SUNRISE   601 AM PDT   SUNSET   755 PM PDT


-  INDICATES NEGATIVE NUMBERS.
R  INDICATES RECORD WAS SET OR TIED.
MM INDICATES DATA IS MISSING.
T  INDICATES TRACE AMOUNT.




$$
