000
CDUS41 KAKQ 210533
CLIORF


CLIMATE REPORT
NATIONAL WEATHER SERVICE WAKEFIELD, VA
130 AM EDT TUE APR 21 2015


...................................

...THE NORFOLK VA CLIMATE SUMMARY FOR APRIL 20 2015...

CLIMATE NORMAL PERIOD 1981 TO 2010
CLIMATE RECORD PERIOD 1871 TO 2015


WEATHER ITEM   OBSERVED TIME   RECORD YEAR NORMAL DEPARTURE LAST
                VALUE   (LST)  VALUE       VALUE  FROM      YEAR
                                                  NORMAL
..................................................................
TEMPERATURE (F)
 YESTERDAY
  MAXIMUM         80    305 PM  91    1941  69     11       56
  MINIMUM         64    537 AM  33    1926  50     14       48
  AVERAGE         72                        60     12       52

PRECIPITATION (IN)
  YESTERDAY        1.02          5.86 1991   0.12   0.90     0.00
  MONTH TO DATE    3.80                      2.29   1.51     3.34
  SINCE MAR 1      6.49                      5.97   0.52     7.16
  SINCE JAN 1     12.67                     12.49   0.18    13.45

SNOWFALL (IN)
  YESTERDAY        0.0           0.0  2002   0.0    0.0
  MONTH TO DATE    0.0                       0.0    0.0
  SINCE NOV 1     12.7                       5.8    6.9
  SINCE JUL 1     12.7                       5.8    6.9
  SNOW DEPTH       0

DEGREE DAYS
 HEATING
  YESTERDAY        0                         7     -7       13
  MONTH TO DATE  112                       182    -70      172
  SINCE MAR 1    651                       674    -23      746
  SINCE JUL 1   3487                      3243    244     3357

 COOLING
  YESTERDAY        7                         1      6        0
  MONTH TO DATE   23                        20      3       18
  SINCE MAR 1     25                        26     -1       19
  SINCE JAN 1     25                        27     -2       19
..................................................................


WIND (MPH)
  HIGHEST WIND SPEED    24   HIGHEST WIND DIRECTION    SW (210)
  HIGHEST GUST SPEED    31   HIGHEST GUST DIRECTION     S (200)
  AVERAGE WIND SPEED    15.0


SKY COVER
  POSSIBLE SUNSHINE  MM
  AVERAGE SKY COVER 0.5


WEATHER CONDITIONS
 THE FOLLOWING WEATHER WAS RECORDED YESTERDAY.
  HEAVY RAIN
  RAIN
  LIGHT RAIN
  FOG


RELATIVE HUMIDITY (PERCENT)
 HIGHEST    93           200 AM
 LOWEST     51           300 PM
 AVERAGE    72

..........................................................


THE NORFOLK VA CLIMATE NORMALS FOR TODAY
                         NORMAL    RECORD    YEAR
 MAXIMUM TEMPERATURE (F)   69        91      1957
 MINIMUM TEMPERATURE (F)   51        32      1888


SUNRISE AND SUNSET
APRIL 21 2015.........SUNRISE   623 AM EDT   SUNSET   745 PM EDT
APRIL 22 2015.........SUNRISE   622 AM EDT   SUNSET   745 PM EDT


-  INDICATES NEGATIVE NUMBERS.
R  INDICATES RECORD WAS SET OR TIED.
MM INDICATES DATA IS MISSING.
T  INDICATES TRACE AMOUNT.




$$
