000
CDUS45 KLKN 030935
CLIP68


CLIMATE REPORT
NATIONAL WEATHER SERVICE ELKO NV
235 AM PDT SUN MAY 3 2015


...................................

...THE EUREKA AIRPORT NV CLIMATE SUMMARY FOR MAY 2 2015...

CLIMATE NORMAL PERIOD 1981 TO 2010
CLIMATE RECORD PERIOD 1963 TO 2015


WEATHER ITEM   OBSERVED TIME   RECORD YEAR NORMAL DEPARTURE LAST
                VALUE   (LST)  VALUE       VALUE  FROM      YEAR
                                                  NORMAL
..................................................................
TEMPERATURE (F)
 YESTERDAY
  MAXIMUM         80R   107 PM  79    2014  65     15       79
                                      2004
                                      2000
  MINIMUM         41    410 AM  11    1988  31     10       38
  AVERAGE         61                        48     13       59

PRECIPITATION (IN)
  YESTERDAY        0.00          0.28 2005   0.03  -0.03     0.00
  MONTH TO DATE    0.00                      0.06  -0.06     0.00
  SINCE OCT 1      2.37                      5.69  -3.32     6.00
  SINCE JAN 1      1.25                      3.56  -2.31     3.60

DEGREE DAYS
 HEATING
  YESTERDAY        4                        17    -13        6
  MONTH TO DATE   14                        34    -20       19
  SINCE MAR 1   1294                      1553   -259     1386
  SINCE JUL 1   5337                      6838  -1501     6190

 COOLING
  YESTERDAY        0                         0      0        0
  MONTH TO DATE    0                         0      0        0
  SINCE MAR 1      0                         0      0        0
  SINCE JAN 1      0                         0      0        0
..................................................................


WIND (MPH)
  HIGHEST WIND SPEED    33   HIGHEST WIND DIRECTION     W (280)
  HIGHEST GUST SPEED    47   HIGHEST GUST DIRECTION     W (290)
  AVERAGE WIND SPEED     8.0




RELATIVE HUMIDITY (PERCENT)
 HIGHEST    49           200 AM
 LOWEST      8          1200 PM
 AVERAGE    29

..........................................................


THE EUREKA AIRPORT NV CLIMATE NORMALS FOR TODAY
                         NORMAL    RECORD    YEAR
 MAXIMUM TEMPERATURE (F)   65        84      2004
                                             2000
 MINIMUM TEMPERATURE (F)   32        17      1964


SUNRISE AND SUNSET
MAY  3 2015...........SUNRISE   543 AM PDT   SUNSET   739 PM PDT
MAY  4 2015...........SUNRISE   542 AM PDT   SUNSET   740 PM PDT


-  INDICATES NEGATIVE NUMBERS.
R  INDICATES RECORD WAS SET OR TIED.
MM INDICATES DATA IS MISSING.
T  INDICATES TRACE AMOUNT.




$$
