000
CDUS44 KLZK 280902
CLIPBF


CLIMATE REPORT
NATIONAL WEATHER SERVICE LITTLE ROCK AR
401 AM CDT TUE APR 28 2015


...................................

...THE PINE BLUFF CLIMATE SUMMARY FOR APRIL 27 2015...

CLIMATE NORMAL PERIOD 1981 TO 2010
CLIMATE RECORD PERIOD 1883 TO 2015


WEATHER ITEM   OBSERVED TIME   RECORD YEAR NORMAL DEPARTURE LAST
                VALUE   (LST)  VALUE       VALUE  FROM      YEAR
                                                  NORMAL
..................................................................
TEMPERATURE (F)
 YESTERDAY
  MAXIMUM         66    343 PM  95    1987  77    -11       82
  MINIMUM         54    648 AM  40    1919  55     -1       69
                                      1910
                                      1903
  AVERAGE         60                        66     -6       76

PRECIPITATION (IN)
  YESTERDAY        0.25          2.44 1968   0.16   0.09     0.05
  MONTH TO DATE    7.61                      4.46   3.15     4.49
  SINCE MAR 1     15.65                      9.86   5.79     8.95
  SINCE JAN 1     22.58                     17.68   4.90    14.38

SNOWFALL (IN)
  YESTERDAY        0.0          MM      MM   0.0    0.0      0.0
  MONTH TO DATE    0.0                       0.0    0.0      0.0
  SINCE MAR 1      2.0                       0.0    2.0       T
  SINCE JUL 1      9.2                       3.1    6.1      3.7
  SNOW DEPTH       0

DEGREE DAYS
 HEATING
  YESTERDAY        5                         2      3        0
  MONTH TO DATE   74                       123    -49      139
  SINCE MAR 1    489                       470     19      623
  SINCE JUL 1   3223                      2858    365     3392

 COOLING
  YESTERDAY        0                         3     -3       11
  MONTH TO DATE   75                        55     20       49
  SINCE MAR 1     85                        72     13       49
  SINCE JAN 1     85                        75     10       49
..................................................................


WIND (MPH)
  HIGHEST WIND SPEED    21   HIGHEST WIND DIRECTION    NE (30)
  HIGHEST GUST SPEED    30   HIGHEST GUST DIRECTION    NE (30)
  AVERAGE WIND SPEED    12.5


SKY COVER
  POSSIBLE SUNSHINE  MM
  AVERAGE SKY COVER 0.3


WEATHER CONDITIONS
 THE FOLLOWING WEATHER WAS RECORDED YESTERDAY.
  THUNDERSTORM
  HEAVY RAIN
  RAIN
  LIGHT RAIN
  FOG


RELATIVE HUMIDITY (PERCENT)
 HIGHEST    83           800 AM
 LOWEST     48           500 PM
 AVERAGE    66

..........................................................


THE PINE BLUFF CLIMATE NORMALS FOR TODAY
                         NORMAL    RECORD    YEAR
 MAXIMUM TEMPERATURE (F)   77        92      1948
 MINIMUM TEMPERATURE (F)   56        40      1928
                                             1920


SUNRISE AND SUNSET
APRIL 28 2015.........SUNRISE   622 AM CDT   SUNSET   749 PM CDT
APRIL 29 2015.........SUNRISE   621 AM CDT   SUNSET   750 PM CDT


-  INDICATES NEGATIVE NUMBERS.
R  INDICATES RECORD WAS SET OR TIED.
MM INDICATES DATA IS MISSING.
T  INDICATES TRACE AMOUNT.




$$
