000
CDUS46 KPQR 271142
CLIPDX


CLIMATE REPORT
NATIONAL WEATHER SERVICE PORTLAND OREGON
441 AM PDT MON APR 27 2015


...................................

...THE PORTLAND OR CLIMATE SUMMARY FOR APRIL 26 2015...

CLIMATE NORMAL PERIOD 1981 TO 2010
CLIMATE RECORD PERIOD 1940 TO 2015


WEATHER ITEM   OBSERVED TIME   RECORD YEAR NORMAL DEPARTURE LAST
                VALUE   (LST)  VALUE       VALUE  FROM      YEAR
                                                  NORMAL
..................................................................
TEMPERATURE (F)
 YESTERDAY
  MAXIMUM         61    252 PM  86    2004  63     -2       57
                                      1947
  MINIMUM         42    519 AM  34    1970  44     -2       42
                                      1969
                                      1958
  AVERAGE         52                        54     -2       50

PRECIPITATION (IN)
  YESTERDAY        0.01          0.45 1978   0.08  -0.07     0.16
  MONTH TO DATE    1.73                      2.42  -0.69     2.77
  SINCE OCT 1     28.46                     28.76  -0.30    23.93
  SINCE JAN 1     13.48                     14.64  -1.16    18.11

DEGREE DAYS
 HEATING
  YESTERDAY       13                        11      2       15
  MONTH TO DATE  335                       341     -6      303
  SINCE MAR 1    717                       863   -146      787
  SINCE JUL 1   3189                      3921   -732     4085

 COOLING
  YESTERDAY        0                         0      0        0
  MONTH TO DATE    0                         0      0        0
  SINCE MAR 1      0                         0      0        0
  SINCE JAN 1      0                         0      0        0
..................................................................


WIND (MPH)
  HIGHEST WIND SPEED    13   HIGHEST WIND DIRECTION    SW (220)
  HIGHEST GUST SPEED    16   HIGHEST GUST DIRECTION     S (190)
  AVERAGE WIND SPEED     6.7


SKY COVER
  POSSIBLE SUNSHINE  MM
  AVERAGE SKY COVER 0.8


WEATHER CONDITIONS
 THE FOLLOWING WEATHER WAS RECORDED YESTERDAY.
  LIGHT RAIN
  FOG


RELATIVE HUMIDITY (PERCENT)
 HIGHEST    93           900 PM
 LOWEST     46           100 PM
 AVERAGE    70

..........................................................


THE PORTLAND OR CLIMATE NORMALS FOR TODAY
                         NORMAL    RECORD    YEAR
 MAXIMUM TEMPERATURE (F)   64        86      1987
 MINIMUM TEMPERATURE (F)   45        32      1948


SUNRISE AND SUNSET
APRIL 27 2015.........SUNRISE   605 AM PDT   SUNSET   812 PM PDT
APRIL 28 2015.........SUNRISE   603 AM PDT   SUNSET   813 PM PDT


-  INDICATES NEGATIVE NUMBERS.
R  INDICATES RECORD WAS SET OR TIED.
MM INDICATES DATA IS MISSING.
T  INDICATES TRACE AMOUNT.




$$
