000
CDUS43 KUNR 040834
CLIPHP


CLIMATE REPORT
NATIONAL WEATHER SERVICE RAPID CITY SD
232 AM MDT MON MAY 4 2015


...................................

...THE PHILIP SD CLIMATE SUMMARY FOR MAY 3 2015...

CLIMATE NORMAL PERIOD 1981 TO 2010
CLIMATE RECORD PERIOD 9999 TO 9999


WEATHER ITEM   OBSERVED TIME   NORMAL DEPARTURE LAST
                VALUE   (LST)  VALUE  FROM      YEAR
                                      NORMAL
......................................................
TEMPERATURE (F)
 YESTERDAY
  MAXIMUM         74    256 PM  67      7       62
  MINIMUM         44    243 AM  39      5       37
  AVERAGE         59            53      6       50

PRECIPITATION (IN)
  YESTERDAY        0.00          0.09  -0.09     0.01
  MONTH TO DATE    0.00          0.28  -0.28     0.01
  SINCE MAR 1      0.43          3.39  -2.96     1.97
  SINCE JAN 1      0.54          4.17  -3.63     2.45

DEGREE DAYS
 HEATING
  YESTERDAY        6            13     -7       15
  MONTH TO DATE   14            39    -25       48
  SINCE MAR 1   1245          1541   -296     1607
  SINCE JUL 1   6385          6906   -521     7210

 COOLING
  YESTERDAY        0             0      0        0
  MONTH TO DATE    2             0      2        0
  SINCE MAR 1      5             3      2        0
  SINCE JAN 1      5             3      2        0
......................................................


WIND (MPH)
  HIGHEST WIND SPEED    30   HIGHEST WIND DIRECTION     N (20)
  HIGHEST GUST SPEED    36   HIGHEST GUST DIRECTION     N (20)
  AVERAGE WIND SPEED    14.2


SKY COVER
  AVERAGE SKY COVER 0.0


WEATHER CONDITIONS
 THE FOLLOWING WEATHER WAS RECORDED YESTERDAY.
  NO SIGNIFICANT WEATHER WAS OBSERVED.


RELATIVE HUMIDITY (PERCENT)
 HIGHEST    58           100 AM
 LOWEST     23           200 PM
 AVERAGE    41

..........................................................




SUNRISE AND SUNSET
MAY  4 2015...........SUNRISE   534 AM MDT   SUNSET   753 PM MDT
MAY  5 2015...........SUNRISE   533 AM MDT   SUNSET   754 PM MDT


-  INDICATES NEGATIVE NUMBERS.
R  INDICATES RECORD WAS SET OR TIED.
MM INDICATES DATA IS MISSING.
T  INDICATES TRACE AMOUNT.




$$
