000
CDUS45 KPSR 280012
CLIPHX

CLIMATE REPORT
NATIONAL WEATHER SERVICE PHOENIX AZ
512 PM MST MON APR 27 2015


...................................

...THE PHOENIX AZ CLIMATE SUMMARY FOR APRIL 27 2015...
VALID TODAY AS OF 0500 PM LOCAL TIME.

CLIMATE NORMAL PERIOD 1981 TO 2010
CLIMATE RECORD PERIOD 1895 TO 2015


WEATHER ITEM   OBSERVED TIME   RECORD YEAR NORMAL DEPARTURE LAST
                VALUE   (LST)  VALUE       VALUE  FROM      YEAR
                                                  NORMAL
..................................................................
TEMPERATURE (F)
 TODAY
  MAXIMUM         87    419 PM 104    1992  89     -2       80
  MINIMUM         57    604 AM  45    1975  64     -7       57
                                      1971
                                      1969
  AVERAGE         72                        76     -4       69

PRECIPITATION (IN)
  TODAY            0.00          0.34 1952   0.01  -0.01     0.00
  MONTH TO DATE    0.18                      0.27  -0.09      T
  SINCE OCT 1      2.37                      5.20  -2.83     3.81
  SINCE JAN 1      1.33                      3.09  -1.76     0.99

SNOWFALL (IN)
  TODAY            0.0
  MONTH TO DATE    0.0
  SINCE JAN 1      0.0
  SINCE JUL 1      0.0
  SNOW DEPTH       0

DEGREE DAYS
 HEATING
  TODAY            0                         0      0        0
  MONTH TO DATE    0                        17    -17        5
  SINCE MAR 1     25                        98    -73       12
  SINCE JUL 1    520                       931   -411      546

 COOLING
  TODAY            7                        11     -4        4
  MONTH TO DATE  232                       215     17      273
  SINCE MAR 1    487                       302    185      410
  SINCE JAN 1    535                       319    216      472
..................................................................


WIND (MPH)
  HIGHEST WIND SPEED    10   HIGHEST WIND DIRECTION     W (290)
  HIGHEST GUST SPEED    14   HIGHEST GUST DIRECTION     N (10)
  AVERAGE WIND SPEED     2.1


SKY COVER
  AVERAGE SKY COVER 0.1


WEATHER CONDITIONS
 THE FOLLOWING WEATHER WAS RECORDED TODAY.
  NO SIGNIFICANT WEATHER WAS OBSERVED.


RELATIVE HUMIDITY (PERCENT)
 HIGHEST    80           400 AM
 LOWEST     18           300 PM
 AVERAGE    49

..........................................................


THE PHOENIX AZ CLIMATE NORMALS FOR TOMORROW
                         NORMAL    RECORD    YEAR
 MAXIMUM TEMPERATURE (F)   89       104      1992
 MINIMUM TEMPERATURE (F)   64        45      1896


SUNRISE AND SUNSET
APRIL 27 2015.........SUNRISE   544 AM MST   SUNSET   708 PM MST
APRIL 28 2015.........SUNRISE   543 AM MST   SUNSET   708 PM MST


-  INDICATES NEGATIVE NUMBERS.
R  INDICATES RECORD WAS SET OR TIED.
MM INDICATES DATA IS MISSING.
T  INDICATES TRACE AMOUNT.

$$
