000
CDUS43 KABR 272238
CLIPIR


CLIMATE REPORT
NATIONAL WEATHER SERVICE ABERDEEN SD
536 PM CDT MON APR 27 2015


...................................

...THE PIERRE SD CLIMATE SUMMARY FOR APRIL 27 2015...
VALID TODAY AS OF 0500 PM LOCAL TIME.

CLIMATE NORMAL PERIOD 1981 TO 2010
CLIMATE RECORD PERIOD 1892 TO 2015


WEATHER ITEM   OBSERVED TIME   RECORD YEAR NORMAL DEPARTURE LAST
                VALUE   (LST)  VALUE       VALUE  FROM      YEAR
                                                  NORMAL
..................................................................
TEMPERATURE (F)
 TODAY
  MAXIMUM         71    208 PM  90    1952  65      6       54
  MINIMUM         33    500 AM  21    1950  39     -6       41
  AVERAGE         52                        52      0       48

PRECIPITATION (IN)
  TODAY            0.00          2.00 1964   0.08  -0.08     0.43
  MONTH TO DATE    0.47                      1.58  -1.11     0.50
  SINCE MAR 1      0.80                      2.81  -2.01     1.49
  SINCE JAN 1      1.15                      3.82  -2.67     2.06

SNOWFALL (IN)
  TODAY            0.0
  MONTH TO DATE    0.0
  SINCE OCT 1     27.1
  SINCE JUL 1     27.1
  SNOW DEPTH       0

DEGREE DAYS
 HEATING
  TODAY           13                        14     -1       17
  MONTH TO DATE  434                       507    -73      528
  SINCE MAR 1   1180                      1454   -274     1601
  SINCE JUL 1   6689                      6952   -263     7596

 COOLING
  TODAY            0                         0      0        0
  MONTH TO DATE    0                         0      0        0
  SINCE MAR 1      5                         0      5        0
  SINCE JAN 1      5                         0      5        0
..................................................................


WIND (MPH)
  HIGHEST GUST SPEED    35   HIGHEST GUST DIRECTION     W (290)




..........................................................


THE PIERRE SD CLIMATE NORMALS FOR TOMORROW
                         NORMAL    RECORD    YEAR
 MAXIMUM TEMPERATURE (F)   65        96      2001
 MINIMUM TEMPERATURE (F)   39        20      2008


SUNRISE AND SUNSET
APRIL 27 2015.........SUNRISE   638 AM CDT   SUNSET   840 PM CDT
APRIL 28 2015.........SUNRISE   637 AM CDT   SUNSET   841 PM CDT


-  INDICATES NEGATIVE NUMBERS.
R  INDICATES RECORD WAS SET OR TIED.
MM INDICATES DATA IS MISSING.
T  INDICATES TRACE AMOUNT.




$$
