000
CDUS41 KPBZ 040704
CLIPIT

CLIMATE REPORT
NATIONAL WEATHER SERVICE PITTSBURGH PA
304 AM EDT MON MAY 4 2015

...................................

...THE PITTSBURGH PA CLIMATE SUMMARY FOR MAY 3 2015...

CLIMATE NORMAL PERIOD 1981 TO 2010
CLIMATE RECORD PERIOD 1871 TO 2015

WEATHER ITEM   OBSERVED TIME   RECORD YEAR NORMAL DEPARTURE LAST
                VALUE   (LST)  VALUE       VALUE  FROM      YEAR
                                                  NORMAL
..................................................................
TEMPERATURE (F)
 YESTERDAY
  MAXIMUM         77    251 PM  95    1887  67     10       61
  MINIMUM         48    613 AM  32    1986  46      2       48
                                      1981
                                      1978
  AVERAGE         63                        56      7       55

PRECIPITATION (IN)
  YESTERDAY        0.00          0.93 1987   0.11  -0.11     0.03
  MONTH TO DATE    0.01                      0.32  -0.31     0.08
  SINCE JUN 1     33.52                     34.56  -1.04    35.16
  SINCE JAN 1     11.77                     11.47   0.30    10.85

SNOWFALL (IN)
  YESTERDAY        0.0           T    1940   0.0    0.0      0.0
  MONTH TO DATE    0.0                       0.0    0.0      0.0
  SINCE OCT 1     47.5                      41.9    5.6     63.4
  SINCE JUL 1     47.5                      41.9    5.6     63.4
  SNOW DEPTH       0

DEGREE DAYS
 HEATING
  YESTERDAY        2                         9     -7       10
  MONTH TO DATE   15                        28    -13       32
  SINCE MAR 1   1272                      1247     25     1359
  SINCE JUL 1   5940                      5504    436     5890

 COOLING
  YESTERDAY        0                         1     -1        0
  MONTH TO DATE    0                         2     -2        0
  SINCE MAR 1      1                        12    -11       10
  SINCE JAN 1      1                        12    -11       10
..................................................................

WIND (MPH)
  HIGHEST WIND SPEED    14   HIGHEST WIND DIRECTION     W (290)
  HIGHEST GUST SPEED    18   HIGHEST GUST DIRECTION     W (290)
  AVERAGE WIND SPEED     3.7


SKY COVER
  POSSIBLE SUNSHINE  MM
  AVERAGE SKY COVER 0.4


WEATHER CONDITIONS
 THE FOLLOWING WEATHER WAS RECORDED YESTERDAY.
  NO SIGNIFICANT WEATHER WAS OBSERVED.


RELATIVE HUMIDITY (PERCENT)
 HIGHEST    77           600 AM
 LOWEST     27           500 PM
 AVERAGE    52

..........................................................


THE PITTSBURGH PA CLIMATE NORMALS FOR TODAY
                         NORMAL    RECORD    YEAR
 MAXIMUM TEMPERATURE (F)   68        90      1883
 MINIMUM TEMPERATURE (F)   46        30      1971


SUNRISE AND SUNSET
MAY  4 2015...........SUNRISE   617 AM EDT   SUNSET   819 PM EDT
MAY  5 2015...........SUNRISE   615 AM EDT   SUNSET   820 PM EDT


-  INDICATES NEGATIVE NUMBERS.
R  INDICATES RECORD WAS SET OR TIED.
MM INDICATES DATA IS MISSING.
T  INDICATES TRACE AMOUNT.

&&

SNOW DEPTH IS MEASURED AT 7 AM EST OR 8 AM EDT.

$$
