000
CDUS44 KMOB 260645
CLIPNS


CLIMATE REPORT
NATIONAL WEATHER SERVICE MOBILE AL
145 AM CDT SUN APR 26 2015


...................................

...THE PENSACOLA CLIMATE SUMMARY FOR APRIL 25 2015...

CLIMATE NORMAL PERIOD 1981 TO 2010
CLIMATE RECORD PERIOD 1879 TO 2015


WEATHER ITEM   OBSERVED TIME   RECORD YEAR NORMAL DEPARTURE LAST
                VALUE   (LST)  VALUE       VALUE  FROM      YEAR
                                                  NORMAL
..................................................................
TEMPERATURE (F)
 YESTERDAY
  MAXIMUM         85   1250 PM  87    1999  78      7       86
  MINIMUM         69    849 PM  40    1910  60      9       69
  AVERAGE         77                        69      8       78

PRECIPITATION (IN)
  YESTERDAY        0.36          3.40 1895   0.13   0.23     0.00
  MONTH TO DATE    9.37                      3.66   5.71     9.06
  SINCE MAR 1     11.75                      9.47   2.28    18.84
  SINCE JAN 1     22.16                     19.16   3.00    30.17

DEGREE DAYS
 HEATING
  YESTERDAY        0                         1     -1        0
  MONTH TO DATE    1                        49    -48       41
  SINCE MAR 1    101                       225   -124      246
  SINCE JUL 1   1544                      1533     11     1583

 COOLING
  YESTERDAY       12                         5      7       13
  MONTH TO DATE  178                        75    103       80
  SINCE MAR 1    280                       108    172       86
  SINCE JAN 1    287                       122    165      101
..................................................................


WIND (MPH)
  HIGHEST WIND SPEED    39   HIGHEST WIND DIRECTION     W (260)
  HIGHEST GUST SPEED    61   HIGHEST GUST DIRECTION    SW (240)
  AVERAGE WIND SPEED    11.1


SKY COVER
  POSSIBLE SUNSHINE  MM
  AVERAGE SKY COVER 0.6


WEATHER CONDITIONS
 THE FOLLOWING WEATHER WAS RECORDED YESTERDAY.
  THUNDERSTORM
  HEAVY RAIN
  LIGHT RAIN
  FOG


RELATIVE HUMIDITY (PERCENT)
 HIGHEST   100           300 AM
 LOWEST     70          1200 PM
 AVERAGE    85

..........................................................


THE PENSACOLA CLIMATE NORMALS FOR TODAY
                         NORMAL    RECORD    YEAR
 MAXIMUM TEMPERATURE (F)   78        88      1988
                                             1945
 MINIMUM TEMPERATURE (F)   60        48      1983
                                             1977
                                             1910


SUNRISE AND SUNSET
APRIL 26 2015.........SUNRISE   610 AM CDT   SUNSET   723 PM CDT
APRIL 27 2015.........SUNRISE   609 AM CDT   SUNSET   724 PM CDT


-  INDICATES NEGATIVE NUMBERS.
R  INDICATES RECORD WAS SET OR TIED.
MM INDICATES DATA IS MISSING.
T  INDICATES TRACE AMOUNT.




$$
