000
CDUS46 KPDT 270032
CLIPSC

CLIMATE REPORT
NATIONAL WEATHER SERVICE PENDLETON OR
529 PM PDT SUN APR 26 2015


...................................

...THE PASCO WA CLIMATE SUMMARY FOR APRIL 26 2015...
VALID TODAY AS OF 0500 PM LOCAL TIME.

CLIMATE NORMAL PERIOD 1981 TO 2010
CLIMATE RECORD PERIOD 1948 TO 2015


WEATHER ITEM   OBSERVED TIME   RECORD YEAR NORMAL DEPARTURE LAST
                VALUE   (LST)  VALUE       VALUE  FROM      YEAR
                                                  NORMAL
..................................................................
TEMPERATURE (F)
 TODAY
  MAXIMUM         67    359 PM  87    2001  70     -3       65
  MINIMUM         30    540 AM  26    2008  40    -10       35
  AVERAGE         49                        55     -6       50

PRECIPITATION (IN)
  TODAY            0.00          0.41 2012   0.02  -0.02     0.00
  MONTH TO DATE    0.19                      0.57  -0.38     0.35
  SINCE OCT 1      4.28                      6.39  -2.11     2.67
  SINCE JAN 1      1.91                      3.44  -1.53     2.09

SNOWFALL (IN)
  TODAY            0.0
  SNOW DEPTH       0

DEGREE DAYS
 HEATING
  TODAY           16                        10      6       15
  MONTH TO DATE  355                       324     31      281
  SINCE MAR 1    804                       902    -98      840
  SINCE JUL 1   4260                      4785   -525     5069

 COOLING
  TODAY            0                         0      0        0
  MONTH TO DATE    0                         0      0        0
  SINCE MAR 1      0                         0      0        0
  SINCE JAN 1      0                         0      0        0
..................................................................


WIND (MPH)
  RESULTANT WIND SPEED   1   RESULTANT WIND DIRECTION   E (70)
  HIGHEST WIND SPEED     9   HIGHEST WIND DIRECTION    NE (50)
  HIGHEST GUST SPEED    12   HIGHEST GUST DIRECTION    NE (50)


SKY COVER
  POSSIBLE SUNSHINE  MM
  AVERAGE SKY COVER 0.0


WEATHER CONDITIONS
 THE FOLLOWING WEATHER WAS RECORDED TODAY.
  NO SIGNIFICANT WEATHER WAS OBSERVED.


RELATIVE HUMIDITY (PERCENT)
 HIGHEST    92
 LOWEST     24
 AVERAGE    58

..........................................................


THE PASCO WA CLIMATE NORMALS FOR TOMORROW
                         NORMAL    RECORD    YEAR
 MAXIMUM TEMPERATURE (F)   71        83      2004
 MINIMUM TEMPERATURE (F)   40        34      2009


SUNRISE AND SUNSET
APRIL 26 2015.........SUNRISE   551 AM PDT   SUNSET   758 PM PDT
APRIL 27 2015.........SUNRISE   549 AM PDT   SUNSET   800 PM PDT


-  INDICATES NEGATIVE NUMBERS.
R  INDICATES RECORD WAS SET OR TIED.
MM INDICATES DATA IS MISSING.
T  INDICATES TRACE AMOUNT.




$$
