000
CDUS46 KOTX 260840
CLIPUW


CLIMATE REPORT
NATIONAL WEATHER SERVICE SPOKANE, WA
140 AM PDT SUN APR 26 2015


...................................

...THE PULLMAN-MOSCOW  AIRPORT CLIMATE SUMMARY FOR APRIL 25 2015...

CLIMATE NORMAL PERIOD 1981 TO 2010
CLIMATE RECORD PERIOD 9999 TO 9999


WEATHER ITEM   OBSERVED TIME   RECORD YEAR NORMAL DEPARTURE LAST
                VALUE   (LST)  VALUE       VALUE  FROM      YEAR
                                                  NORMAL
..................................................................
TEMPERATURE (F)
 YESTERDAY
  MAXIMUM         51    349 PM  87    1977  59     -8       46
  MINIMUM         31   1155 PM   0    2003  37     -6       38
  AVERAGE         41                        48     -7       42

PRECIPITATION (IN)
  YESTERDAY        0.03          0.38 2011   0.05  -0.02      T
  MONTH TO DATE    0.58                      1.32  -0.74     1.28
  SINCE OCT 1     13.68                     11.91   1.77    11.88
  SINCE JAN 1      6.83                      6.71   0.12     8.54

SNOWFALL (IN)
  YESTERDAY       MM

DEGREE DAYS
 HEATING
  YESTERDAY       24                        17      7       23
  MONTH TO DATE  496                       488      8      466
  SINCE MAR 1   1093                      1244   -151     1180
  SINCE JUL 1   4924                      5947  -1023     6031

 COOLING
  YESTERDAY        0                         0      0        0
  MONTH TO DATE    0                         0      0        0
  SINCE MAR 1      0                         0      0        0
  SINCE JAN 1      0                         0      0        0
..................................................................


WIND (MPH)
  HIGHEST WIND SPEED    20   HIGHEST WIND DIRECTION    SW (230)
  HIGHEST GUST SPEED    23   HIGHEST GUST DIRECTION    SW (230)
  AVERAGE WIND SPEED     4.2


SKY COVER
  POSSIBLE SUNSHINE  MM
  AVERAGE SKY COVER 0.5


WEATHER CONDITIONS
 THE FOLLOWING WEATHER WAS RECORDED YESTERDAY.
  LIGHT RAIN


RELATIVE HUMIDITY (PERCENT)
 HIGHEST    82           300 AM
 LOWEST     56           400 PM
 AVERAGE    69

..........................................................


THE PULLMAN-MOSCOW  AIRPORT CLIMATE NORMALS FOR TODAY
                         NORMAL    RECORD    YEAR
 MAXIMUM TEMPERATURE (F)   60        82      1977
 MINIMUM TEMPERATURE (F)   37        26      1970


SUNRISE AND SUNSET
APRIL 26 2015.........SUNRISE   542 AM PDT   SUNSET   751 PM PDT
APRIL 27 2015.........SUNRISE   540 AM PDT   SUNSET   753 PM PDT


-  INDICATES NEGATIVE NUMBERS.
R  INDICATES RECORD WAS SET OR TIED.
MM INDICATES DATA IS MISSING.
T  INDICATES TRACE AMOUNT.




$$
