000
CDUS46 KSGX 011435
CLIRAL


CLIMATE REPORT
NATIONAL WEATHER SERVICE SAN DIEGO, CA
735 AM PDT WED APR 1 2015


...................................

...THE RIVERSIDE MUNI AIRPORT CA CLIMATE SUMMARY FOR MARCH 31 2015...

CLIMATE NORMAL PERIOD 1981 TO 2010
CLIMATE RECORD PERIOD 1893 TO 2015


WEATHER ITEM   OBSERVED TIME   RECORD YEAR NORMAL DEPARTURE LAST
                VALUE   (LST)  VALUE       VALUE  FROM      YEAR
                                                  NORMAL
..................................................................
TEMPERATURE (F)
 YESTERDAY
  MAXIMUM         83    118 PM  97    2011  73     10       70
                                      1966
  MINIMUM         54    547 AM  33    1938  48      6       46
  AVERAGE         69                        60      9       58

PRECIPITATION (IN)
  YESTERDAY        0.00          0.97 1903   0.02  -0.02     0.00
  MONTH TO DATE    0.24                      2.01  -1.77     0.26
  SINCE OCT 1      4.78                     10.80  -6.02     2.35
  SINCE JAN 1      1.55                      7.99  -6.44     1.36

SNOWFALL (IN)
  YESTERDAY        0.0
  MONTH TO DATE    0.0
  SINCE MAR 1      0.0
  SINCE JUL 1      0.0
  SNOW DEPTH       0

DEGREE DAYS
 HEATING
  YESTERDAY        0                         5     -5        7
  MONTH TO DATE   55                       204   -149       75
  SINCE MAR 1     55                       205   -150       75
  SINCE JUL 1    662                      1313   -651      737

 COOLING
  YESTERDAY        4                         0      4        0
  MONTH TO DATE  129                        12    117       30
  SINCE MAR 1    129                        12    117       30
  SINCE JAN 1    153                        21    132       59
..................................................................


WIND (MPH)
  RESULTANT WIND SPEED   2   RESULTANT WIND DIRECTION   W (280)
  HIGHEST WIND SPEED    17   HIGHEST WIND DIRECTION     W (280)
  HIGHEST GUST SPEED    23   HIGHEST GUST DIRECTION     W (270)
  AVERAGE WIND SPEED     4.1


SKY COVER
  POSSIBLE SUNSHINE  MM
  AVERAGE SKY COVER 0.3


WEATHER CONDITIONS
 THE FOLLOWING WEATHER WAS RECORDED YESTERDAY.
  NO SIGNIFICANT WEATHER WAS OBSERVED.


RELATIVE HUMIDITY (PERCENT)
 HIGHEST    86           400 AM
 LOWEST     20           100 PM
 AVERAGE    53

..........................................................


THE RIVERSIDE MUNI AIRPORT CA CLIMATE NORMALS FOR TODAY
                         NORMAL    RECORD    YEAR
 MAXIMUM TEMPERATURE (F)   73        95      1959
 MINIMUM TEMPERATURE (F)   48        33      1938
                                             1917
                                             1906


SUNRISE AND SUNSET
APRIL  1 2015.........SUNRISE   637 AM PDT   SUNSET   710 PM PDT
APRIL  2 2015.........SUNRISE   636 AM PDT   SUNSET   711 PM PDT


-  INDICATES NEGATIVE NUMBERS.
R  INDICATES RECORD WAS SET OR TIED.
MM INDICATES DATA IS MISSING.
T  INDICATES TRACE AMOUNT.




$$
