000
CDUS46 KSGX 191418
CLIRAL


CLIMATE REPORT
NATIONAL WEATHER SERVICE SAN DIEGO, CA
717 AM PDT SUN APR 19 2015


...................................

...THE RIVERSIDE MUNI AIRPORT CA CLIMATE SUMMARY FOR APRIL 18 2015...

CLIMATE NORMAL PERIOD 1981 TO 2010
CLIMATE RECORD PERIOD 1893 TO 2015


WEATHER ITEM   OBSERVED TIME   RECORD YEAR NORMAL DEPARTURE LAST
                VALUE   (LST)  VALUE       VALUE  FROM      YEAR
                                                  NORMAL
..................................................................
TEMPERATURE (F)
 YESTERDAY
  MAXIMUM         85    236 PM  97    1914  76      9       74
  MINIMUM         51    545 AM  33    1917  51      0       59
  AVERAGE         68                        63      5       67

PRECIPITATION (IN)
  YESTERDAY        0.00          0.55 2000   0.03  -0.03     0.00
  MONTH TO DATE    0.06                      0.45  -0.39     0.14
  SINCE OCT 1      4.84                     11.25  -6.41     2.49
  SINCE JAN 1      1.61                      8.44  -6.83     1.50

SNOWFALL (IN)
  YESTERDAY        0.0
  MONTH TO DATE    0.0
  SINCE MAR 1      0.0
  SINCE JUL 1      0.0
  SNOW DEPTH       0

DEGREE DAYS
 HEATING
  YESTERDAY        0                         3     -3        0
  MONTH TO DATE   31                        76    -45       45
  SINCE MAR 1     86                       281   -195      120
  SINCE JUL 1    693                      1389   -696      782

 COOLING
  YESTERDAY        3                         2      1        2
  MONTH TO DATE   30                        18     12       55
  SINCE MAR 1    159                        30    129       85
  SINCE JAN 1    183                        39    144      114
..................................................................


WIND (MPH)
  RESULTANT WIND SPEED   2   RESULTANT WIND DIRECTION   W (280)
  HIGHEST WIND SPEED    18   HIGHEST WIND DIRECTION     W (250)
  HIGHEST GUST SPEED    23   HIGHEST GUST DIRECTION     W (250)
  AVERAGE WIND SPEED     5.1


SKY COVER
  POSSIBLE SUNSHINE  MM
  AVERAGE SKY COVER 0.1


WEATHER CONDITIONS
 THE FOLLOWING WEATHER WAS RECORDED YESTERDAY.
  NO SIGNIFICANT WEATHER WAS OBSERVED.


RELATIVE HUMIDITY (PERCENT)
 HIGHEST    60          1100 PM
 LOWEST     12          1200 PM
 AVERAGE    36

..........................................................


THE RIVERSIDE MUNI AIRPORT CA CLIMATE NORMALS FOR TODAY
                         NORMAL    RECORD    YEAR
 MAXIMUM TEMPERATURE (F)   76       100      1914
 MINIMUM TEMPERATURE (F)   51        34      1955


SUNRISE AND SUNSET
APRIL 19 2015.........SUNRISE   614 AM PDT   SUNSET   724 PM PDT
APRIL 20 2015.........SUNRISE   613 AM PDT   SUNSET   725 PM PDT


-  INDICATES NEGATIVE NUMBERS.
R  INDICATES RECORD WAS SET OR TIED.
MM INDICATES DATA IS MISSING.
T  INDICATES TRACE AMOUNT.




$$
