000
CDUS43 KUNR 261832
CLIRAP


CLIMATE REPORT
NATIONAL WEATHER SERVICE RAPID CITY SD
1231 PM MDT SUN APR 26 2015


...................................

...THE RAPID CITY AIRPORT SD CLIMATE SUMMARY FOR APRIL 26 2015...
VALID AS OF 1100 AM LOCAL TIME.

CLIMATE NORMAL PERIOD 1981 TO 2010
CLIMATE RECORD PERIOD 1942 TO 2015


WEATHER ITEM   OBSERVED TIME   RECORD YEAR NORMAL DEPARTURE LAST
                VALUE   (LST)  VALUE       VALUE  FROM      YEAR
                                                  NORMAL
..................................................................
TEMPERATURE (F)
 TODAY
  MAXIMUM         47   1059 AM  89    1952  62    -15       70
  MINIMUM         43    837 AM  20    1988  35      8       42
                                      1950
  AVERAGE         45                        49     -4       56

PRECIPITATION (IN)
  TODAY            0.03          1.28 1986   0.08  -0.05     0.07
  MONTH TO DATE    0.59                      1.45  -0.86     0.61
  SINCE MAR 1      0.69                      2.38  -1.69     1.70
  SINCE JAN 1      1.12                      3.12  -2.00     2.19

SNOWFALL (IN)
  TODAY            0.0           6.8  1994   0.2   -0.2      0.0
  MONTH TO DATE    T                         7.2   -7.2      6.0
  SINCE MAR 1      1.2                      15.9  -14.7     20.4
  SINCE JUL 1     36.2                      39.3   -3.1     63.4
  SNOW DEPTH       0

DEGREE DAYS
 HEATING
  TODAY           20                        17      3        9
  MONTH TO DATE  527                       539    -12      543
  SINCE MAR 1   1229                      1457   -228     1560
  SINCE JUL 1   6337                      6667   -330     7193

 COOLING
  TODAY            0                         0      0        0
  MONTH TO DATE    0                         0      0        0
  SINCE MAR 1      0                         0      0        0
  SINCE JAN 1      0                         0      0        0
..................................................................


WIND (MPH)
  HIGHEST WIND SPEED    23   HIGHEST WIND DIRECTION     N (350)
  HIGHEST GUST SPEED    28   HIGHEST GUST DIRECTION     N (350)
  AVERAGE WIND SPEED    15.5


SKY COVER
  AVERAGE SKY COVER 1.0


WEATHER CONDITIONS
 THE FOLLOWING WEATHER WAS RECORDED TODAY.
  LIGHT RAIN
  FOG


RELATIVE HUMIDITY (PERCENT)
 HIGHEST   100           700 AM
 LOWEST     89          1200 AM
 AVERAGE    95

..........................................................


THE RAPID CITY AIRPORT SD CLIMATE NORMALS FOR TOMORROW
                         NORMAL    RECORD    YEAR
 MAXIMUM TEMPERATURE (F)   62        87      1952
 MINIMUM TEMPERATURE (F)   36        17      1994


SUNRISE AND SUNSET
APRIL 26 2015.........SUNRISE   552 AM MDT   SUNSET   749 PM MDT
APRIL 27 2015.........SUNRISE   550 AM MDT   SUNSET   751 PM MDT


-  INDICATES NEGATIVE NUMBERS.
R  INDICATES RECORD WAS SET OR TIED.
MM INDICATES DATA IS MISSING.
T  INDICATES TRACE AMOUNT.




$$
