000
CDUS42 KRAH 180542
CLIRDU

CLIMATE REPORT
NATIONAL WEATHER SERVICE RALEIGH NC
139 AM EDT SAT APR 18 2015


...................................

...THE RALEIGH-DURHAM INTL AIRPORT NC CLIMATE SUMMARY FOR APRIL 17 2015...

CLIMATE NORMAL PERIOD 1981 TO 2010
CLIMATE RECORD PERIOD 1887 TO 2015


WEATHER ITEM   OBSERVED TIME   RECORD YEAR NORMAL DEPARTURE LAST
                VALUE   (LST)  VALUE       VALUE  FROM      YEAR
                                                  NORMAL
..................................................................
TEMPERATURE (F)
 YESTERDAY
  MAXIMUM         78    352 PM  93    1896  73      5       64
  MINIMUM         56    105 AM  29    1962  48      8       31
  AVERAGE         67                        61      6       48

PRECIPITATION (IN)
  YESTERDAY        T             2.55 1910   0.10  -0.10     0.00
  MONTH TO DATE    2.23                      1.72   0.51     2.85
  SINCE MAR 1      5.51                      5.83  -0.32     7.91
  SINCE JAN 1     11.77                     12.56  -0.79    12.87

SNOWFALL (IN)
  YESTERDAY        0.0           T    2001   0.0    0.0      0.0
  MONTH TO DATE    0.0                       0.1   -0.1      0.0
  SINCE MAR 1      0.0                       0.6   -0.6      0.2
  SINCE JUL 1      7.9                       6.1    1.8      5.8
  SNOW DEPTH       0

DEGREE DAYS
 HEATING
  YESTERDAY        0                         6     -6       17
  MONTH TO DATE   60                       130    -70      101
  SINCE MAR 1    479                       554    -75      684
  SINCE JUL 1   3376                      3126    250     3385

 COOLING
  YESTERDAY        2                         2      0        0
  MONTH TO DATE   37                        21     16       22
  SINCE MAR 1     41                        32      9       22
  SINCE JAN 1     41                        33      8       22
..................................................................


WIND (MPH)
  HIGHEST WIND SPEED     8   HIGHEST WIND DIRECTION    SW (230)
  HIGHEST GUST SPEED    13   HIGHEST GUST DIRECTION     W (250)
  AVERAGE WIND SPEED     2.0


SKY COVER
  POSSIBLE SUNSHINE  MM
  AVERAGE SKY COVER 0.8


WEATHER CONDITIONS
 THE FOLLOWING WEATHER WAS RECORDED YESTERDAY.
  LIGHT RAIN
  FOG
  HAZE


RELATIVE HUMIDITY (PERCENT)
 HIGHEST    93           100 AM
 LOWEST     54           400 PM
 AVERAGE    74

..........................................................


THE RALEIGH-DURHAM INTL AIRPORT NC CLIMATE NORMALS FOR TODAY
                         NORMAL    RECORD    YEAR
 MAXIMUM TEMPERATURE (F)   73        95      1896
 MINIMUM TEMPERATURE (F)   49        30      1983


SUNRISE AND SUNSET
APRIL 18 2015.........SUNRISE   639 AM EDT   SUNSET   751 PM EDT
APRIL 19 2015.........SUNRISE   637 AM EDT   SUNSET   752 PM EDT


-  INDICATES NEGATIVE NUMBERS.
R  INDICATES RECORD WAS SET OR TIED.
MM INDICATES DATA IS MISSING.
T  INDICATES TRACE AMOUNT.
&&

CLIMATE REPORT NWS FORECAST OFFICE NCSU CENTENNIAL CAMPUS RALEIGH, NC

MAXIMUM TEMPERATURE... 78

MINIMUM TEMPERATURE... 58

PRECIPITATION... T


$$
