000
CDUS46 KSGX 011435
CLIRNM


CLIMATE REPORT
NATIONAL WEATHER SERVICE SAN DIEGO, CA
735 AM PDT WED APR 1 2015


...................................

...THE RAMONA AIRPORT CA CLIMATE SUMMARY FOR MARCH 31 2015...

CLIMATE NORMAL PERIOD 1981 TO 2010
CLIMATE RECORD PERIOD 1974 TO 2015


WEATHER ITEM   OBSERVED TIME   RECORD YEAR NORMAL DEPARTURE LAST
                VALUE   (LST)  VALUE       VALUE  FROM      YEAR
                                                  NORMAL
..................................................................
TEMPERATURE (F)
 YESTERDAY
  MAXIMUM         79    146 PM  87    2011  68     11       67
  MINIMUM         38    543 AM  28    1977  40     -2       33
  AVERAGE         59                        54      5       50

PRECIPITATION (IN)
  YESTERDAY        0.00          0.66 1978   0.05  -0.05     0.00
  MONTH TO DATE    1.23                      3.08  -1.85     0.98
  SINCE OCT 1      7.44                     13.65  -6.21     6.77
  SINCE JAN 1      2.84                      9.51  -6.67     4.10

SNOWFALL (IN)
  YESTERDAY        0.0
  MONTH TO DATE    0.0
  SINCE MAR 1      0.0
  SINCE JUL 1      0.0
  SNOW DEPTH       0

DEGREE DAYS
 HEATING
  YESTERDAY        6                        11     -5       15
  MONTH TO DATE  193                       376   -183      246
  SINCE MAR 1    193                       375   -182      246
  SINCE JUL 1   1377                      2116   -739     1667

 COOLING
  YESTERDAY        0                         0      0        0
  MONTH TO DATE    7                         0      7        0
  SINCE MAR 1      7                         0      7        0
  SINCE JAN 1      9                         1      8        0
..................................................................


WIND (MPH)
  RESULTANT WIND SPEED   4   RESULTANT WIND DIRECTION   W (290)
  HIGHEST WIND SPEED    17   HIGHEST WIND DIRECTION     W (290)
  HIGHEST GUST SPEED    22   HIGHEST GUST DIRECTION     W (280)
  AVERAGE WIND SPEED     4.7


SKY COVER
  POSSIBLE SUNSHINE  MM
  AVERAGE SKY COVER 0.2


WEATHER CONDITIONS
 THE FOLLOWING WEATHER WAS RECORDED YESTERDAY.
  FOG
  FOG W/VISIBILITY <= 1/4 MILE


RELATIVE HUMIDITY (PERCENT)
 HIGHEST    93          1000 PM
 LOWEST     28           100 PM
 AVERAGE    61

..........................................................


THE RAMONA AIRPORT CA CLIMATE NORMALS FOR TODAY
                         NORMAL    RECORD    YEAR
 MAXIMUM TEMPERATURE (F)   68        86      2011
 MINIMUM TEMPERATURE (F)   40        29      1977


SUNRISE AND SUNSET
APRIL  1 2015.........SUNRISE   636 AM PDT   SUNSET   708 PM PDT
APRIL  2 2015.........SUNRISE   634 AM PDT   SUNSET   709 PM PDT


-  INDICATES NEGATIVE NUMBERS.
R  INDICATES RECORD WAS SET OR TIED.
MM INDICATES DATA IS MISSING.
T  INDICATES TRACE AMOUNT.




$$
