000
CDUS46 KSTO 270836
CLISAC

CLIMATE REPORT
NATIONAL WEATHER SERVICE SACRAMENTO, CA
135 AM PDT MON APR 27 2015


...................................

...THE SACRAMENTO EXEC. AIRPORT CA CLIMATE SUMMARY FOR APRIL 26 2015...

CLIMATE NORMAL PERIOD 1981 TO 2010
CLIMATE RECORD PERIOD 1930 TO 2015


WEATHER ITEM   OBSERVED TIME   RECORD YEAR NORMAL DEPARTURE LAST
                VALUE   (LST)  VALUE       VALUE  FROM      YEAR
                                                  NORMAL
..................................................................
TEMPERATURE (F)
 YESTERDAY
  MAXIMUM         80    429 PM  95    2004  74      6       64
  MINIMUM         46    530 AM  37    1975  48     -2       45
  AVERAGE         63

PRECIPITATION (IN)
  YESTERDAY        0.00          0.84 1960   0.03  -0.03     0.00
  MONTH TO DATE    1.85                      1.04   0.81     1.82
  SINCE OCT 1     15.27                     17.18  -1.91     9.19
  SINCE JAN 1      4.89                     10.90  -6.01     7.88

SNOWFALL (IN)
  YESTERDAY        0.0          MM      MM   0.0             0.0
  MONTH TO DATE    0.0                       0.0             0.0
  SINCE MAR 1      0.0                       0.0             0.0
  SINCE JUL 1      0.0                       0.0             0.0

DEGREE DAYS
 HEATING
  YESTERDAY        2

 COOLING
  YESTERDAY        0
..................................................................


WIND (MPH)
  RESULTANT WIND SPEED   5   RESULTANT WIND DIRECTION   N (340)
  HIGHEST WIND SPEED    18   HIGHEST WIND DIRECTION    NW (310)
  HIGHEST GUST SPEED    24   HIGHEST GUST DIRECTION    NW (320)


SKY COVER
  POSSIBLE SUNSHINE  MM
  AVERAGE SKY COVER 0.0


WEATHER CONDITIONS
 THE FOLLOWING WEATHER WAS RECORDED YESTERDAY.
  NO SIGNIFICANT WEATHER WAS OBSERVED.


RELATIVE HUMIDITY (PERCENT)
 HIGHEST    93
 LOWEST     22
 AVERAGE    58

..........................................................


THE SACRAMENTO EXEC. AIRPORT CA CLIMATE NORMALS FOR TODAY
                         NORMAL    RECORD    YEAR
 MAXIMUM TEMPERATURE (F)   75        94      2004
 MINIMUM TEMPERATURE (F)   48        33      1970


SUNRISE AND SUNSET
APRIL 27 2015.........SUNRISE   614 AM PDT   SUNSET   754 PM PDT
APRIL 28 2015.........SUNRISE   613 AM PDT   SUNSET   755 PM PDT


-  INDICATES NEGATIVE NUMBERS.
R  INDICATES RECORD WAS SET OR TIED.
MM INDICATES DATA IS MISSING.
T  INDICATES TRACE AMOUNT.

&&
....................................................................

SACRAMENTO CITY CLIMATE DATA FOR SUNDAY APRIL 26 2015

HIGH...   79  RECORD HIGH    98 IN 2004    NORMAL    HIGH   76
LOW....   49  RECORD LOW     39 IN 1892    NORMAL    LOW    51

RAIN SINCE MIDNIGHT....  0.00   RECORD THIS DATE....... 0.62 IN 1960
TOTAL THIS MONTH.......  1.81   NORMAL SINCE OCT 1ST.........  18.81
TOTAL SINCE OCT 1ST... 13.54   PERCENT OF NORMAL.............  72%

$$
