000
CDUS42 KCHS 030518
CLISAV


CLIMATE REPORT
NATIONAL WEATHER SERVICE CHARLESTON SC
117 AM EDT SUN MAY 3 2015


...................................

...THE SAVANNAH GA CLIMATE SUMMARY FOR MAY 2 2015...

CLIMATE NORMAL PERIOD 1981 TO 2010
CLIMATE RECORD PERIOD 1871 TO 2015


WEATHER ITEM   OBSERVED TIME   RECORD YEAR NORMAL DEPARTURE LAST
                VALUE   (LST)  VALUE       VALUE  FROM      YEAR
                                                  NORMAL
..................................................................
TEMPERATURE (F)
 YESTERDAY
  MAXIMUM         78    450 PM  96    1990  82     -4       69
  MINIMUM         49    551 AM  39    1963  58     -9       61
  AVERAGE         64                        70     -6       65

PRECIPITATION (IN)
  YESTERDAY        0.00          3.79 1964   0.08  -0.08     0.00
  MONTH TO DATE    0.00                      0.16  -0.16     0.18
  SINCE MAR 1      8.54                      6.96   1.58     8.38
  SINCE JAN 1     16.10                     13.44   2.66    12.49

SNOWFALL (IN)
  YESTERDAY        0.0                       0.0    0.0
  SINCE MAR 1      0.0                       T      0.0
  SINCE JUL 1      0.0                       0.3   -0.3

DEGREE DAYS
 HEATING
  YESTERDAY        1                         1      0        0
  MONTH TO DATE    2                         2      0        0
  SINCE MAR 1    158                       288   -130      301
  SINCE JUL 1   1693                      1805   -112     1682

 COOLING
  YESTERDAY        0                         5     -5        0
  MONTH TO DATE    0                        10    -10        6
  SINCE MAR 1    237                       136    101      156
  SINCE JAN 1    242                       146     96      174
..................................................................


WIND (MPH)
  HIGHEST WIND SPEED    13   HIGHEST WIND DIRECTION    NW (310)
  HIGHEST GUST SPEED    17   HIGHEST GUST DIRECTION    NW (300)
  AVERAGE WIND SPEED     3.3


SKY COVER
  POSSIBLE SUNSHINE  MM
  AVERAGE SKY COVER 0.1


WEATHER CONDITIONS
 THE FOLLOWING WEATHER WAS RECORDED YESTERDAY.
  NO SIGNIFICANT WEATHER WAS OBSERVED.


RELATIVE HUMIDITY (PERCENT)
 HIGHEST    89           200 AM
 LOWEST     29           300 PM
 AVERAGE    59

..........................................................


THE SAVANNAH GA CLIMATE NORMALS FOR TODAY
                         NORMAL    RECORD    YEAR
 MAXIMUM TEMPERATURE (F)   82        94      1959
                                             1951
                                             1901
 MINIMUM TEMPERATURE (F)   58        47      1999
                                             1939


SUNRISE AND SUNSET
MAY  3 2015...........SUNRISE   637 AM EDT   SUNSET   807 PM EDT
MAY  4 2015...........SUNRISE   636 AM EDT   SUNSET   807 PM EDT


-  INDICATES NEGATIVE NUMBERS.
R  INDICATES RECORD WAS SET OR TIED.
MM INDICATES DATA IS MISSING.
T  INDICATES TRACE AMOUNT.

$$
