000
CDUS46 KLOX 070114
CLISDB


CLIMATE REPORT
NATIONAL WEATHER SERVICE LOS ANGELES/OXNARD CA
614 PM PDT WED MAY 6 2015


...................................

...THE SANDBERG CA CLIMATE SUMMARY FOR MAY 6 2015...
VALID TODAY AS OF 0600 PM LOCAL TIME.

CLIMATE NORMAL PERIOD 1981 TO 2010
CLIMATE RECORD PERIOD 1934 TO 2015


WEATHER ITEM   OBSERVED TIME   RECORD YEAR NORMAL DEPARTURE LAST
                VALUE   (LST)  VALUE       VALUE  FROM      YEAR
                                                  NORMAL
..................................................................
TEMPERATURE (F)
 TODAY
  MAXIMUM         60    159 PM  86    1990  64     -4       52
  MINIMUM         43    614 AM  29    1965  47     -4       37
  AVERAGE         52                        55     -3       45

PRECIPITATION (IN)
  TODAY            0.00          0.31 1964   0.01  -0.01      T
  MONTH TO DATE    0.00                      0.13  -0.13      T
  SINCE OCT 1      7.02                     11.77  -4.75     4.28
  SINCE JAN 1      2.12                      8.14  -6.02     3.58

DEGREE DAYS
 HEATING
  TODAY           13                        10      3       20
  MONTH TO DATE   32                        65    -33       29
  SINCE MAR 1    538                      1081   -543      637
  SINCE JUL 1   2169                      3840  -1671     2422

 COOLING
  TODAY            0                         1     -1        0
  MONTH TO DATE    8                         4      4       18
  SINCE MAR 1     63                        12     51       42
  SINCE JAN 1     66                        12     54       49
..................................................................


WIND (MPH)
  HIGHEST WIND SPEED    22   HIGHEST WIND DIRECTION     S (160)
  HIGHEST GUST SPEED    30   HIGHEST GUST DIRECTION     S (170)
  AVERAGE WIND SPEED    13.7


SKY COVER
  POSSIBLE SUNSHINE  MM
  AVERAGE SKY COVER 0.4


WEATHER CONDITIONS
 THE FOLLOWING WEATHER WAS RECORDED TODAY.
  FOG
  FOG W/VISIBILITY <= 1/4 MILE
  HAZE


RELATIVE HUMIDITY (PERCENT)
 HIGHEST    92           200 AM
 LOWEST     51           100 PM
 AVERAGE    72

..........................................................


THE SANDBERG CA CLIMATE NORMALS FOR TOMORROW
                         NORMAL    RECORD    YEAR
 MAXIMUM TEMPERATURE (F)   65        84      2001
 MINIMUM TEMPERATURE (F)   47        29      1977


SUNRISE AND SUNSET
MAY  6 2015...........SUNRISE   600 AM PDT   SUNSET   744 PM PDT
MAY  7 2015...........SUNRISE   559 AM PDT   SUNSET   745 PM PDT


-  INDICATES NEGATIVE NUMBERS.
R  INDICATES RECORD WAS SET OR TIED.
MM INDICATES DATA IS MISSING.
T  INDICATES TRACE AMOUNT.




$$
