000
CDUS43 KLMK 060626
CLISDF


CLIMATE REPORT
NATIONAL WEATHER SERVICE LOUISVILLE KY
226 AM EDT WED MAY 6 2015


...................................

...THE LOUISVILLE KY CLIMATE SUMMARY FOR MAY 5 2015...

CLIMATE NORMAL PERIOD 1981 TO 2010
CLIMATE RECORD PERIOD 1871 TO 2015


WEATHER ITEM   OBSERVED TIME   RECORD YEAR NORMAL DEPARTURE LAST
                VALUE   (LST)  VALUE       VALUE  FROM      YEAR
                                                  NORMAL
..................................................................
TEMPERATURE (F)
 YESTERDAY
  MAXIMUM         86    438 PM  94    1959  74     12       89
                                      1949
  MINIMUM         62    618 AM  36    1954  54      8       54
  AVERAGE         74                        64     10       72

PRECIPITATION (IN)
  YESTERDAY        0.00          2.14 2003   0.17  -0.17     0.00
  MONTH TO DATE    0.00                      0.87  -0.87     0.00
  SINCE MAR 1     18.64                      9.05   9.59     9.31
  SINCE JAN 1     21.74                     15.47   6.27    15.47

SNOWFALL (IN)
  YESTERDAY        0.0          MM      MM   0.0    0.0      0.0
  MONTH TO DATE    0.0                       0.0    0.0      0.0
  SINCE MAR 1     11.9                       1.5   10.4      4.2
  SINCE JUL 1     27.6                      12.5   15.1     26.0
  SNOW DEPTH       0

DEGREE DAYS
 HEATING
  YESTERDAY        0                         3     -3        0
  MONTH TO DATE    6                        19    -13       26
  SINCE MAR 1    749                       803    -54      850
  SINCE JUL 1   4369                      4044    325     4504

 COOLING
  YESTERDAY        9                         2      7        7
  MONTH TO DATE   19                        10      9       10
  SINCE MAR 1     61                        53      8       41
  SINCE JAN 1     61                        53      8       41
..................................................................


WIND (MPH)
  HIGHEST WIND SPEED    16   HIGHEST WIND DIRECTION     W (260)
  HIGHEST GUST SPEED    22   HIGHEST GUST DIRECTION    SW (210)
  AVERAGE WIND SPEED     5.9


SKY COVER
  POSSIBLE SUNSHINE  MM
  AVERAGE SKY COVER 0.3


WEATHER CONDITIONS
 THE FOLLOWING WEATHER WAS RECORDED YESTERDAY.
  NO SIGNIFICANT WEATHER WAS OBSERVED.


RELATIVE HUMIDITY (PERCENT)
 HIGHEST    78           600 AM
 LOWEST     31           200 PM
 AVERAGE    55

..........................................................


THE LOUISVILLE KY CLIMATE NORMALS FOR TODAY
                         NORMAL    RECORD    YEAR
 MAXIMUM TEMPERATURE (F)   75        94      1949
 MINIMUM TEMPERATURE (F)   54        33      1898


SUNRISE AND SUNSET
MAY  6 2015...........SUNRISE   641 AM EDT   SUNSET   839 PM EDT
MAY  7 2015...........SUNRISE   640 AM EDT   SUNSET   839 PM EDT


-  INDICATES NEGATIVE NUMBERS.
R  INDICATES RECORD WAS SET OR TIED.
MM INDICATES DATA IS MISSING.
T  INDICATES TRACE AMOUNT.




$$
