000
CDUS45 KBYZ 060934
CLISHR


CLIMATE REPORT
NATIONAL WEATHER SERVICE BILLINGS MT
332 AM MDT WED MAY 6 2015


...................................

...THE SHERIDAN WY CLIMATE SUMMARY FOR MAY 5 2015...

CLIMATE NORMAL PERIOD 1981 TO 2010
CLIMATE RECORD PERIOD 1907 TO 2015


WEATHER ITEM   OBSERVED TIME   RECORD YEAR NORMAL DEPARTURE LAST
                VALUE   (LST)  VALUE       VALUE  FROM      YEAR
                                                  NORMAL
..................................................................
TEMPERATURE (F)
 YESTERDAY
  MAXIMUM         73    102 PM  88    1934  64      9       74
  MINIMUM         36    506 AM  24    2006  35      1       35
                                      1996
  AVERAGE         55                        49      6       55

PRECIPITATION (IN)
  YESTERDAY        0.00          1.59        0.07  -0.07     0.00
  MONTH TO DATE    0.02                      0.37  -0.35     0.00
  SINCE OCT 1      5.97                      6.73  -0.76     8.84
  SINCE JAN 1      3.58                      4.05  -0.47     5.08

DEGREE DAYS
 HEATING
  YESTERDAY       10                        16     -6       10
  MONTH TO DATE   48                        82    -34       75
  SINCE MAR 1   1367                      1648   -281     1692
  SINCE JUL 1   6597                      7183   -586     7442

 COOLING
  YESTERDAY        0                         0      0        0
  MONTH TO DATE    0                         0      0        0
  SINCE MAR 1      0                         0      0        0
  SINCE JAN 1      0                         0      0        0
..................................................................


WIND (MPH)
  HIGHEST WIND SPEED    25   HIGHEST WIND DIRECTION    SE (140)
  HIGHEST GUST SPEED    35   HIGHEST GUST DIRECTION    SE (140)
  AVERAGE WIND SPEED    10.2


SKY COVER
  POSSIBLE SUNSHINE  MM
  AVERAGE SKY COVER 0.0


WEATHER CONDITIONS
 THE FOLLOWING WEATHER WAS RECORDED YESTERDAY.
  NO SIGNIFICANT WEATHER WAS OBSERVED.


RELATIVE HUMIDITY (PERCENT)
 HIGHEST    89           300 AM
 LOWEST     35           100 PM
 AVERAGE    62

..........................................................


THE SHERIDAN WY CLIMATE NORMALS FOR TODAY
                         NORMAL    RECORD    YEAR
 MAXIMUM TEMPERATURE (F)   64        87      1928
 MINIMUM TEMPERATURE (F)   35        24      1909


SUNRISE AND SUNSET
MAY  6 2015...........SUNRISE   551 AM MDT   SUNSET   819 PM MDT
MAY  7 2015...........SUNRISE   550 AM MDT   SUNSET   820 PM MDT


-  INDICATES NEGATIVE NUMBERS.
R  INDICATES RECORD WAS SET OR TIED.
MM INDICATES DATA IS MISSING.
T  INDICATES TRACE AMOUNT.




$$
