000
CDUS44 KSJT 040651
CLISJT


CLIMATE REPORT
NATIONAL WEATHER SERVICE SAN ANGELO TX
150 AM CDT MON MAY 4 2015


...................................

...THE SAN ANGELO CLIMATE SUMMARY FOR MAY 3 2015...

CLIMATE NORMAL PERIOD 1981 TO 2010
CLIMATE RECORD PERIOD 1907 TO 2015


WEATHER ITEM   OBSERVED TIME   RECORD YEAR NORMAL DEPARTURE LAST
                VALUE   (LST)  VALUE       VALUE  FROM      YEAR
                                                  NORMAL
..................................................................
TEMPERATURE (F)
 YESTERDAY
  MAXIMUM         86    519 PM 103    1927  85      1       94
  MINIMUM         60    603 AM  35    2013  58      2       46
  AVERAGE         73                        71      2       70

PRECIPITATION (IN)
  YESTERDAY        0.00          1.35 1918   0.07  -0.07     0.00
  MONTH TO DATE    0.00                      0.21  -0.21     0.00
  SINCE MAR 1      3.48                      3.13   0.35     0.46
  SINCE JAN 1      5.74                      5.41   0.33     0.52

DEGREE DAYS
 HEATING
  YESTERDAY        0                         1     -1        0
  MONTH TO DATE    0                         3     -3        7
  SINCE MAR 1    330                       348    -18      356
  SINCE JUL 1   2177                      2309   -132     2476

 COOLING
  YESTERDAY        8                         7      1        5
  MONTH TO DATE   14                        20     -6        5
  SINCE MAR 1    208                       171     37      255
  SINCE JAN 1    210                       176     34      258
..................................................................


WIND (MPH)
  HIGHEST WIND SPEED    21   HIGHEST WIND DIRECTION     S (180)
  HIGHEST GUST SPEED    29   HIGHEST GUST DIRECTION     S (190)
  AVERAGE WIND SPEED    11.5


SKY COVER
  POSSIBLE SUNSHINE  MM
  AVERAGE SKY COVER 0.1


WEATHER CONDITIONS
 THE FOLLOWING WEATHER WAS RECORDED YESTERDAY.
  NO SIGNIFICANT WEATHER WAS OBSERVED.


RELATIVE HUMIDITY (PERCENT)
 HIGHEST    84           600 AM
 LOWEST     29           500 PM
 AVERAGE    57

..........................................................


THE SAN ANGELO CLIMATE NORMALS FOR TODAY
                         NORMAL    RECORD    YEAR
 MAXIMUM TEMPERATURE (F)   85       102      2012
                                             1984
 MINIMUM TEMPERATURE (F)   58        39      1945


SUNRISE AND SUNSET
MAY  4 2015...........SUNRISE   655 AM CDT   SUNSET   823 PM CDT
MAY  5 2015...........SUNRISE   654 AM CDT   SUNSET   824 PM CDT


-  INDICATES NEGATIVE NUMBERS.
R  INDICATES RECORD WAS SET OR TIED.
MM INDICATES DATA IS MISSING.
T  INDICATES TRACE AMOUNT.




$$
