000
CDUS45 KSLC 181219
CLISLC


CLIMATE REPORT
NATIONAL WEATHER SERVICE SALT LAKE CITY UT
618 AM MDT SAT APR 18 2015


...................................

...THE SALT LAKE CITY UT CLIMATE SUMMARY FOR APRIL 17 2015...

CLIMATE NORMAL PERIOD 1981 TO 2010
CLIMATE RECORD PERIOD 1874 TO 2015


WEATHER ITEM   OBSERVED TIME   RECORD YEAR NORMAL DEPARTURE LAST
                VALUE   (LST)  VALUE       VALUE  FROM      YEAR
                                                  NORMAL
..................................................................
TEMPERATURE (F)
 YESTERDAY
  MAXIMUM         62    517 PM  85    1987  62      0       71
  MINIMUM         38    303 AM  24    1960  40     -2       37
                                      1922
  AVERAGE         50                        51     -1       54

PRECIPITATION (IN)
  YESTERDAY        0.00          0.89 1953   0.07  -0.07     0.00
  MONTH TO DATE    1.05                      1.12  -0.07     0.25
  SINCE OCT 1      4.94                      9.79  -4.85     7.14
  SINCE JAN 1      2.93                      5.41  -2.48     4.13

SNOWFALL (IN)
  YESTERDAY        0.0           3.7  1944   0.1   -0.1      0.0
  MONTH TO DATE    5.8                       2.9    2.9       T
  SINCE OCT 1     15.4                      54.8  -39.4     35.5
  SINCE JUL 1     15.4                      54.8  -39.4     35.5
  SNOW DEPTH       0

DEGREE DAYS
 HEATING
  YESTERDAY       15                        14      1       11
  MONTH TO DATE  262                       275    -13      212
  SINCE MAR 1    728                       937   -209      699
  SINCE JUL 1   4075                      5193  -1118     4686

 COOLING
  YESTERDAY        0                         0      0        0
  MONTH TO DATE    0                         0      0        0
  SINCE MAR 1      0                         0      0        0
  SINCE JAN 1      0                         0      0        0
..................................................................


WIND (MPH)
  RESULTANT WIND SPEED   2   RESULTANT WIND DIRECTION  NW (310)
  HIGHEST WIND SPEED    18   HIGHEST WIND DIRECTION     N (360)
  HIGHEST GUST SPEED    26   HIGHEST GUST DIRECTION    NW (330)
  AVERAGE WIND SPEED     7.0


SKY COVER
  POSSIBLE SUNSHINE  MM
  AVERAGE SKY COVER 0.4


WEATHER CONDITIONS
 THE FOLLOWING WEATHER WAS RECORDED YESTERDAY.
  NO SIGNIFICANT WEATHER WAS OBSERVED.


RELATIVE HUMIDITY (PERCENT)
 HIGHEST    76           300 AM
 LOWEST     36           500 PM
 AVERAGE    56

..........................................................


THE SALT LAKE CITY UT CLIMATE NORMALS FOR TODAY
                         NORMAL    RECORD    YEAR
 MAXIMUM TEMPERATURE (F)   62        84      1962
 MINIMUM TEMPERATURE (F)   40        27      2013
                                             1941


SUNRISE AND SUNSET
APRIL 18 2015.........SUNRISE   645 AM MDT   SUNSET   810 PM MDT
APRIL 19 2015.........SUNRISE   643 AM MDT   SUNSET   811 PM MDT


-  INDICATES NEGATIVE NUMBERS.
R  INDICATES RECORD WAS SET OR TIED.
MM INDICATES DATA IS MISSING.
T  INDICATES TRACE AMOUNT.




$$
