000
CDUS46 KPQR 280221
CLISLE


CLIMATE REPORT
NATIONAL WEATHER SERVICE PORTLAND OREGON
721 PM PDT MON APR 27 2015


...................................

...THE SALEM OR CLIMATE SUMMARY FOR APRIL 27 2015...
VALID TODAY AS OF 0700 PM LOCAL TIME.

CLIMATE NORMAL PERIOD 1981 TO 2010
CLIMATE RECORD PERIOD 1892 TO 2015


WEATHER ITEM   OBSERVED TIME   RECORD YEAR NORMAL DEPARTURE LAST
                VALUE   (LST)  VALUE       VALUE  FROM      YEAR
                                                  NORMAL
..................................................................
TEMPERATURE (F)
 TODAY
  MAXIMUM         80    550 PM  91    1926  63     17       56
  MINIMUM         47    437 AM  28    1984  41      6       41
                                      1948
  AVERAGE         64                        52     12       49

PRECIPITATION (IN)
  TODAY            0.00          0.91 1962   0.08  -0.08     0.28
  MONTH TO DATE    2.08                      2.60  -0.52     2.71
  SINCE OCT 1     31.40                     33.50  -2.10    23.88
  SINCE JAN 1     13.86                     17.11  -3.25    19.30

DEGREE DAYS
 HEATING
  TODAY            1                        13    -12       16
  MONTH TO DATE  381                       402    -21      336
  SINCE MAR 1    793                       965   -172      822
  SINCE JUL 1   3263                      4205   -942     4108

 COOLING
  TODAY            0                         0      0        0
  MONTH TO DATE    0                         0      0        0
  SINCE MAR 1      0                         0      0        0
  SINCE JAN 1      0                         0      0        0
..................................................................


WIND (MPH)
  HIGHEST WIND SPEED    10   HIGHEST WIND DIRECTION     N (350)
  HIGHEST GUST SPEED    14   HIGHEST GUST DIRECTION     N (350)
  AVERAGE WIND SPEED     4.1


SKY COVER
  POSSIBLE SUNSHINE  MM
  AVERAGE SKY COVER 0.4


WEATHER CONDITIONS
 THE FOLLOWING WEATHER WAS RECORDED TODAY.
  FOG
  FOG W/VISIBILITY <= 1/4 MILE


RELATIVE HUMIDITY (PERCENT)
 HIGHEST   100           700 AM
 LOWEST     45           300 PM
 AVERAGE    73

..........................................................


THE SALEM OR CLIMATE NORMALS FOR TOMORROW
                         NORMAL    RECORD    YEAR
 MAXIMUM TEMPERATURE (F)   64        93      1926
 MINIMUM TEMPERATURE (F)   41        28      1973


SUNRISE AND SUNSET
APRIL 27 2015.........SUNRISE   608 AM PDT   SUNSET   812 PM PDT
APRIL 28 2015.........SUNRISE   606 AM PDT   SUNSET   814 PM PDT


-  INDICATES NEGATIVE NUMBERS.
R  INDICATES RECORD WAS SET OR TIED.
MM INDICATES DATA IS MISSING.
T  INDICATES TRACE AMOUNT.




$$
