000
CDUS45 KPUB 241033
CLISPD


CLIMATE REPORT
NATIONAL WEATHER SERVICE PUEBLO
433 AM MDT FRI APR 24 2015


...................................

...THE SPRINGFIELD CO CLIMATE SUMMARY FOR APRIL 23 2015...

CLIMATE NORMAL PERIOD 1981 TO 2010
CLIMATE RECORD PERIOD 9999 TO 9999


WEATHER ITEM   OBSERVED TIME   NORMAL DEPARTURE LAST
                VALUE   (LST)  VALUE  FROM      YEAR
                                      NORMAL
......................................................
TEMPERATURE (F)
 YESTERDAY
  MAXIMUM         77    402 PM  69      8       84
  MINIMUM         37    502 AM  39     -2       46
  AVERAGE         57                            65

PRECIPITATION (IN)
  YESTERDAY        0.00          0.05  -0.05     0.00
  MONTH TO DATE    0.52          0.98  -0.46     0.70
  SINCE MAR 1      0.90          2.11  -1.21     1.07
  SINCE JAN 1      2.74          2.92  -0.18     1.40

DEGREE DAYS
 HEATING
  YESTERDAY        8            11     -3        0
  MONTH TO DATE  297           335    -38      324
  SINCE MAR 1    904          1022   -118     1036
  SINCE JUL 1   4808          5028   -220     5033

 COOLING
  YESTERDAY        0             0      0        0
  MONTH TO DATE    0             0      0        4
  SINCE MAR 1      0             0      0        4
  SINCE JAN 1      0             0      0        4
......................................................


WIND (MPH)
  HIGHEST WIND SPEED    32   HIGHEST WIND DIRECTION     S (190)
  HIGHEST GUST SPEED    41   HIGHEST GUST DIRECTION     S (190)
  AVERAGE WIND SPEED    15.4


SKY COVER
  POSSIBLE SUNSHINE  MM



RELATIVE HUMIDITY (PERCENT)
 HIGHEST   100           400 AM
 LOWEST     16           400 PM
 AVERAGE    58

..........................................................


THE SPRINGFIELD CO CLIMATE NORMALS FOR TODAY
                         NORMAL    RECORD    YEAR
 MAXIMUM TEMPERATURE (F)   69        MM        MM
 MINIMUM TEMPERATURE (F)   39        MM        MM


SUNRISE AND SUNSET
APRIL 24 2015.........SUNRISE   604 AM MDT   SUNSET   733 PM MDT
APRIL 25 2015.........SUNRISE   603 AM MDT   SUNSET   734 PM MDT


-  INDICATES NEGATIVE NUMBERS.
R  INDICATES RECORD WAS SET OR TIED.
MM INDICATES DATA IS MISSING.
T  INDICATES TRACE AMOUNT.




$$
