000
CDUS42 KTBW 190839
CLISRQ


CLIMATE REPORT
NATIONAL WEATHER SERVICE TAMPA BAY FL
434 AM EDT SUN APR 19 2015


...................................

...THE SARASOTA BRADENTON CLIMATE SUMMARY FOR APRIL 18 2015...

CLIMATE NORMAL PERIOD 1981 TO 2010
CLIMATE RECORD PERIOD 1911 TO 2015


WEATHER ITEM   OBSERVED TIME   RECORD YEAR NORMAL DEPARTURE LAST
                VALUE   (LST)  VALUE       VALUE  FROM      YEAR
                                                  NORMAL
..................................................................
TEMPERATURE (F)
 YESTERDAY
  MAXIMUM         85   1217 PM  89    1994  81      4       81
  MINIMUM         69    608 AM  48    1983  62      7       67
  AVERAGE         77                        72      5       74

PRECIPITATION (IN)
  YESTERDAY        0.00          0.93 1989   0.08  -0.08     0.46
  MONTH TO DATE    0.10                      1.54  -1.44     1.24
  SINCE MAR 1      1.08                      5.40  -4.32     7.71
  SINCE JAN 1      5.96                     10.59  -4.63    11.33

DEGREE DAYS
 HEATING
  YESTERDAY        0                         0      0        0
  MONTH TO DATE    0                         8     -8        0
  SINCE MAR 1     13                        57    -44       37
  SINCE JUL 1    470                       475     -5      345

 COOLING
  YESTERDAY       12                         7      5        9
  MONTH TO DATE  180                       102     78      117
  SINCE MAR 1    402                       202    200      203
  SINCE JAN 1    471                       306    165      319
..................................................................


WIND (MPH)
  HIGHEST WIND SPEED    16   HIGHEST WIND DIRECTION    SW (210)
  HIGHEST GUST SPEED    19   HIGHEST GUST DIRECTION    SW (210)
  AVERAGE WIND SPEED     6.5


SKY COVER
  POSSIBLE SUNSHINE  MM
  AVERAGE SKY COVER 0.2


WEATHER CONDITIONS
 THE FOLLOWING WEATHER WAS RECORDED YESTERDAY.
  FOG
  FOG W/VISIBILITY <= 1/4 MILE
  HAZE


RELATIVE HUMIDITY (PERCENT)
 HIGHEST   100           300 AM
 LOWEST     65          1100 AM

..........................................................


THE SARASOTA BRADENTON CLIMATE NORMALS FOR TODAY
                         NORMAL    RECORD    YEAR
 MAXIMUM TEMPERATURE (F)   81        93      1927
 MINIMUM TEMPERATURE (F)   62        38      1923


SUNRISE AND SUNSET
APRIL 19 2015.........SUNRISE   702 AM EDT   SUNSET   757 PM EDT
APRIL 20 2015.........SUNRISE   701 AM EDT   SUNSET   758 PM EDT


-  INDICATES NEGATIVE NUMBERS.
R  INDICATES RECORD WAS SET OR TIED.
MM INDICATES DATA IS MISSING.
T  INDICATES TRACE AMOUNT.




$$


&&
------------------------------------------------------------------
******************** SUPPLEMENTAL DATA ***************************

...GULF WATER TEMPERATURE AT NEW PASS 82
