000
CDUS44 KBMX 030639
CLITCL


CLIMATE REPORT
NATIONAL WEATHER SERVICE BIRMINGHAM, AL
139 AM CDT SUN MAY 3 2015


...................................

...THE TUSCALOOSA CLIMATE SUMMARY FOR MAY 2 2015...

CLIMATE NORMAL PERIOD 1994 TO 1994
CLIMATE RECORD PERIOD 1994 TO 2015


WEATHER ITEM   OBSERVED TIME   RECORD YEAR NORMAL DEPARTURE LAST
                VALUE   (LST)  VALUE       VALUE  FROM      YEAR
                                                  NORMAL
..................................................................
TEMPERATURE (F)
 YESTERDAY
  MAXIMUM         78    456 PM  92    1952  80     -2       73
  MINIMUM         46    515 AM  40    1963  56    -10       50
  AVERAGE         62                        68     -6       62

PRECIPITATION (IN)
  YESTERDAY        0.00          2.26 1950   0.12  -0.12     0.00
  MONTH TO DATE    0.00                      0.24  -0.24     0.00
  SINCE MAR 1     12.51                      8.99   3.52    15.74
  SINCE JAN 1     23.26                     19.66   3.60    23.46

SNOWFALL (IN)
  YESTERDAY        0.0                       0.0    0.0
  MONTH TO DATE    0.0                       0.0    0.0
  SINCE MAR 1      T                         0.3   -0.3
  SINCE JUL 1      T                         0.7   -0.7

DEGREE DAYS
 HEATING
  YESTERDAY        3                         1      2
  MONTH TO DATE    7                         2      5
  SINCE MAR 1    264                       417   -153
  SINCE JUL 1   2559                      2507     52
..................................................................


WIND (MPH)
  HIGHEST WIND SPEED     9   HIGHEST WIND DIRECTION     S (190)
  HIGHEST GUST SPEED    12   HIGHEST GUST DIRECTION     S (180)
  AVERAGE WIND SPEED     1.5


SKY COVER
  AVERAGE SKY COVER 0.0


WEATHER CONDITIONS
 THE FOLLOWING WEATHER WAS RECORDED YESTERDAY.
  FOG


RELATIVE HUMIDITY (PERCENT)
 HIGHEST    93           500 AM
 LOWEST     30           500 PM
 AVERAGE    62

..........................................................


THE TUSCALOOSA CLIMATE NORMALS FOR TODAY
                         NORMAL    RECORD    YEAR
 MAXIMUM TEMPERATURE (F)   80        92      1952
 MINIMUM TEMPERATURE (F)   56        41      1961


SUNRISE AND SUNSET
MAY  3 2015...........SUNRISE   601 AM CDT   SUNSET   734 PM CDT
MAY  4 2015...........SUNRISE   600 AM CDT   SUNSET   735 PM CDT


-  INDICATES NEGATIVE NUMBERS.
R  INDICATES RECORD WAS SET OR TIED.
MM INDICATES DATA IS MISSING.
T  INDICATES TRACE AMOUNT.




$$
