000
CDUS41 KPHI 030646
CLITTN


CLIMATE REPORT
NATIONAL WEATHER SERVICE MOUNT HOLLY NJ
245 AM EDT SUN MAY 3 2015


...................................

...THE TRENTON NJ CLIMATE SUMMARY FOR MAY 2 2015...

CLIMATE NORMAL PERIOD 1981 TO 2010
CLIMATE RECORD PERIOD 1865 TO 2015


WEATHER ITEM   OBSERVED TIME   RECORD YEAR NORMAL DEPARTURE LAST
                VALUE   (LST)  VALUE       VALUE  FROM      YEAR
                                                  NORMAL
..................................................................
TEMPERATURE (F)
 YESTERDAY
  MAXIMUM         73    508 PM  88    2010  67      6       66
  MINIMUM         40    237 AM  36    1903  46     -6       54
  AVERAGE         57                        57      0       60

PRECIPITATION (IN)
  YESTERDAY        0.00          1.74 1897   0.09  -0.09     0.00
  MONTH TO DATE    T                         0.17  -0.17     0.33
  SINCE MAR 1      6.84                      7.85  -1.01     9.86
  SINCE JAN 1     13.43                     13.32   0.11    17.52

SNOWFALL (IN)
  YESTERDAY        0.0          MM      MM  MM     MM       MM
  MONTH TO DATE    0.0                      MM     MM       MM
  SINCE MAR 1      0.0                      MM     MM       MM
  SINCE JUL 1      0.0                      MM     MM       MM
  SNOW DEPTH       0

DEGREE DAYS
 HEATING
  YESTERDAY        8                         9     -1        5
  MONTH TO DATE   19                        18      1        5
  SINCE MAR 1   1242                      1172     70     1287
  SINCE JUL 1   5325                      4986    339     5373

 COOLING
  YESTERDAY        0                         1     -1        0
  MONTH TO DATE    0                         2     -2        3
  SINCE MAR 1      0                        10    -10        9
  SINCE JAN 1      0                        10    -10        9
..................................................................


WIND (MPH)
  HIGHEST WIND SPEED    15   HIGHEST WIND DIRECTION     S (170)
  HIGHEST GUST SPEED    18   HIGHEST GUST DIRECTION     S (190)
  AVERAGE WIND SPEED     4.6


SKY COVER
  POSSIBLE SUNSHINE  MM
  AVERAGE SKY COVER 0.3


WEATHER CONDITIONS
 THE FOLLOWING WEATHER WAS RECORDED YESTERDAY.
  NO SIGNIFICANT WEATHER WAS OBSERVED.


RELATIVE HUMIDITY (PERCENT)
 HIGHEST    83           600 AM
 LOWEST     29           500 PM
 AVERAGE    56

..........................................................


THE TRENTON NJ CLIMATE NORMALS FOR TODAY
                         NORMAL    RECORD    YEAR
 MAXIMUM TEMPERATURE (F)   68        90      1913
 MINIMUM TEMPERATURE (F)   46        35      2005


SUNRISE AND SUNSET
MAY  3 2015...........SUNRISE   557 AM EDT   SUNSET   756 PM EDT
MAY  4 2015...........SUNRISE   555 AM EDT   SUNSET   757 PM EDT


-  INDICATES NEGATIVE NUMBERS.
R  INDICATES RECORD WAS SET OR TIED.
MM INDICATES DATA IS MISSING.
T  INDICATES TRACE AMOUNT.




$$
