000
CDUS45 KTWC 050730 RRA
CLITUS

CLIMATE REPORT
NATIONAL WEATHER SERVICE TUCSON AZ
1229 AM MST TUE MAY 5 2015


...................................

...THE TUCSON AZ CLIMATE SUMMARY FOR MAY 4 2015...

CLIMATE NORMAL PERIOD 1981 TO 2010
CLIMATE RECORD PERIOD 1895 TO 2015


WEATHER ITEM   OBSERVED TIME   RECORD YEAR NORMAL DEPARTURE LAST
                VALUE   (LST)  VALUE       VALUE  FROM      YEAR
                                                  NORMAL
..................................................................
TEMPERATURE (F)
 YESTERDAY
  MAXIMUM         83    450 PM 103    1947  88     -5       96
  MINIMUM         59   1108 PM  35    1899  57      2       61
  AVERAGE         71                        72     -1       79

PRECIPITATION (IN)
  YESTERDAY        0.03          0.18 1918   0.00   0.03     0.00
  MONTH TO DATE    0.03                      0.02   0.01     0.00
  SINCE OCT 1      7.14                      5.25   1.89     3.66
  SINCE JAN 1      3.64                      2.86   0.78     0.61

DEGREE DAYS
 HEATING
  YESTERDAY        0                         0      0        0
  MONTH TO DATE    0                         3     -3        0
  SINCE MAR 1     60                       242   -182       66
  SINCE JUL 1    902                      1509   -607      899

 COOLING
  YESTERDAY        6                         8     -2       14
  MONTH TO DATE   47                        30     17       43
  SINCE MAR 1    282                       180    102      231
  SINCE JAN 1    290                       184    106      255
..................................................................


WIND (MPH)
  HIGHEST WIND SPEED    24   HIGHEST WIND DIRECTION    NW (320)
  HIGHEST GUST SPEED    30   HIGHEST GUST DIRECTION    NW (320)
  AVERAGE WIND SPEED     8.6


SKY COVER
  POSSIBLE SUNSHINE  MM
  AVERAGE SKY COVER 0.4


WEATHER CONDITIONS
 THE FOLLOWING WEATHER WAS RECORDED YESTERDAY.
  THUNDERSTORM
  LIGHT RAIN


RELATIVE HUMIDITY (PERCENT)
 HIGHEST    67
 LOWEST     18
 AVERAGE    43

..........................................................


THE TUCSON AZ CLIMATE NORMALS FOR TODAY
                         NORMAL    RECORD    YEAR
 MAXIMUM TEMPERATURE (F)   88       102      1947
 MINIMUM TEMPERATURE (F)   57        38      1950


SUNRISE AND SUNSET
MAY  5 2015...........SUNRISE   534 AM MST   SUNSET   707 PM MST
MAY  6 2015...........SUNRISE   533 AM MST   SUNSET   708 PM MST


-  INDICATES NEGATIVE NUMBERS.
R  INDICATES RECORD WAS SET OR TIED.
MM INDICATES DATA IS MISSING.
T  INDICATES TRACE AMOUNT.




$$
