000
CDUS45 KBOI 190930
CLITWF


CLIMATE REPORT
NATIONAL WEATHER SERVICE BOISE ID
330 AM MDT SUN APR 19 2015


...................................

...THE TWIN FALLS ID CLIMATE SUMMARY FOR APRIL 18 2015...

CLIMATE NORMAL PERIOD 1981 TO 2010
CLIMATE RECORD PERIOD 9999 TO 9999


WEATHER ITEM   OBSERVED TIME   NORMAL DEPARTURE LAST
                VALUE   (LST)  VALUE  FROM      YEAR
                                      NORMAL
......................................................
TEMPERATURE (F)
 YESTERDAY
  MAXIMUM         70    408 PM  61      9       62
  MINIMUM         46    618 AM  36     10       41
  AVERAGE         58

PRECIPITATION (IN)
  YESTERDAY        0.00          0.03  -0.03     0.13
  MONTH TO DATE    0.21          0.65  -0.44     0.19
  SINCE OCT 1      4.83          6.73  -1.90     4.79
  SINCE JAN 1      1.83          3.48  -1.65     4.32

DEGREE DAYS
 HEATING
  YESTERDAY        7            17    -10       13
  MONTH TO DATE  321           330     -9      270
  SINCE MAR 1    811          1052   -241      876
  SINCE JUL 1   4504          5619  -1115     5129

 COOLING
  YESTERDAY        0             0      0        0
  MONTH TO DATE    0             0      0        0
  SINCE MAR 1      0             0      0        0
  SINCE JAN 1      0             0      0        0
......................................................


WIND (MPH)
  HIGHEST WIND SPEED    28   HIGHEST WIND DIRECTION     W (270)
  HIGHEST GUST SPEED    32   HIGHEST GUST DIRECTION     W (260)
  AVERAGE WIND SPEED    16.3


SKY COVER
  AVERAGE SKY COVER 0.0


WEATHER CONDITIONS
 THE FOLLOWING WEATHER WAS RECORDED YESTERDAY.
  NO SIGNIFICANT WEATHER WAS OBSERVED.


RELATIVE HUMIDITY (PERCENT)
 HIGHEST    46           700 AM
 LOWEST     18           300 PM
 AVERAGE    32

..........................................................




SUNRISE AND SUNSET
APRIL 19 2015.........SUNRISE   651 AM MDT   SUNSET   824 PM MDT
APRIL 20 2015.........SUNRISE   649 AM MDT   SUNSET   825 PM MDT


-  INDICATES NEGATIVE NUMBERS.
R  INDICATES RECORD WAS SET OR TIED.
MM INDICATES DATA IS MISSING.
T  INDICATES TRACE AMOUNT.




$$
