000
CDUS44 KSHV 192156
CLITYR


CLIMATE REPORT
NATIONAL WEATHER SERVICE SHREVEPORT, LA
456 PM CDT SUN APR 19 2015


...................................

...THE TYLER CLIMATE SUMMARY FOR APRIL 19 2015...
VALID TODAY AS OF 0400 PM LOCAL TIME.

CLIMATE NORMAL PERIOD 1981 TO 2010
CLIMATE RECORD PERIOD 1896 TO 2015


WEATHER ITEM   OBSERVED TIME   RECORD YEAR NORMAL DEPARTURE LAST
                VALUE   (LST)  VALUE       VALUE  FROM      YEAR
                                                  NORMAL
..................................................................
TEMPERATURE (F)
 TODAY
  MAXIMUM         82    259 PM  95    1987  76      6       78
  MINIMUM         58    645 AM  35    1901  55      3       53
  AVERAGE         70                        65      5       66

PRECIPITATION (IN)
  TODAY            0.02          2.35 1970   0.12  -0.10     0.00
  MONTH TO DATE    6.52                      1.80   4.72     2.46
  SINCE DEC 1     21.96                     17.03   4.93    11.78
  SINCE JAN 1     20.49                     12.79   7.70     8.76

SNOWFALL (IN)
  TODAY            0.0
  MONTH TO DATE    0.0
  SINCE MAR 1      0.5
  SINCE JUL 1      2.1
  SNOW DEPTH       0

DEGREE DAYS
 HEATING
  TODAY            0                         2     -2        0
  MONTH TO DATE   22                        82    -60       97
  SINCE MAR 1    287                       355    -68      446
  SINCE JUL 1   2174                      2247    -73     2510

 COOLING
  TODAY            5                         3      2        1
  MONTH TO DATE   99                        38     61       55
  SINCE MAR 1    131                        59     72       68
  SINCE JAN 1    131                        71     60       71
..................................................................


WIND (MPH)
  HIGHEST WIND SPEED    22   HIGHEST WIND DIRECTION     W (250)
  HIGHEST GUST SPEED    29   HIGHEST GUST DIRECTION    SW (240)
  AVERAGE WIND SPEED     9.4


SKY COVER
  POSSIBLE SUNSHINE  MM
  AVERAGE SKY COVER 0.7


WEATHER CONDITIONS
 THE FOLLOWING WEATHER WAS RECORDED TODAY.
  LIGHT RAIN
  FOG


RELATIVE HUMIDITY (PERCENT)
 HIGHEST    93           300 AM
 LOWEST     51           300 PM
 AVERAGE    72

..........................................................


THE TYLER CLIMATE NORMALS FOR TOMORROW
                         NORMAL    RECORD    YEAR
 MAXIMUM TEMPERATURE (F)   76        94      1987
 MINIMUM TEMPERATURE (F)   56        36      1956


SUNRISE AND SUNSET
APRIL 19 2015.........SUNRISE   648 AM CDT   SUNSET   754 PM CDT
APRIL 20 2015.........SUNRISE   647 AM CDT   SUNSET   755 PM CDT


-  INDICATES NEGATIVE NUMBERS.
R  INDICATES RECORD WAS SET OR TIED.
MM INDICATES DATA IS MISSING.
T  INDICATES TRACE AMOUNT.




$$
